{"id":615,"date":"2017-06-08T18:11:09","date_gmt":"2017-06-08T16:11:09","guid":{"rendered":"http:\/\/cajovnajasminka.sk\/?post_type=product&#038;p=615"},"modified":"2023-02-19T14:00:39","modified_gmt":"2023-02-19T13:00:39","slug":"rakytnik-imunita-zaludok-creva","status":"publish","type":"product","link":"http:\/\/cajovnajasminka.sk\/?product=rakytnik-imunita-zaludok-creva","title":{"rendered":"Rakytn\u00edk-imunita, \u017eal\u00fadok, \u010drev\u00e1"},"content":{"rendered":"<p>Vysoko kvalitn\u00fd bylinn\u00fd v\u00fd\u0165a\u017eok vyroben\u00fd z \u010derstv\u00fdch byl\u00edn \u0161peci\u00e1lnym homeopatick\u00fdm postupom v\u00fdroby, potencovan\u00fd D3<br \/>\nPre zv\u00fd\u0161enie \u00fa\u010dinku je mo\u017en\u00e9 kombinova\u0165 so zodpovedaj\u00facim bylinn\u00fdm \u010dajom Serafin<\/p>\n<p><strong>Podporuje prirodzen\u00fa obranyschopnos\u0165<br \/>\nTr\u00e1venie<br \/>\nProstatu<br \/>\nP\u00f4sob\u00ed ako pr\u00edrodn\u00fd antioxidant<br \/>\nVylep\u0161uje celkov\u00fd stav organizmu<\/strong><\/p>\n<p><strong> Zlo\u017eenie:<br \/>\n<\/strong>V\u00fd\u0165a\u017eok z Rakytn\u00edka ra\u0161etliakovit\u00e9ho, 40% alkohol, rieden\u00fd D3<\/p>\n<p><strong>Obsah balenia : 50 ml<\/strong><\/p>\n","protected":false},"excerpt":{"rendered":"<p><strong>Obsah balenia : 50 ml<\/strong><\/p>\n","protected":false},"featured_media":620,"comment_status":"open","ping_status":"closed","template":"","meta":[],"_links":{"self":[{"href":"http:\/\/cajovnajasminka.sk\/index.php?rest_route=\/wp\/v2\/product\/615"}],"collection":[{"href":"http:\/\/cajovnajasminka.sk\/index.php?rest_route=\/wp\/v2\/product"}],"about":[{"href":"http:\/\/cajovnajasminka.sk\/index.php?rest_route=\/wp\/v2\/types\/product"}],"replies":[{"embeddable":true,"href":"http:\/\/cajovnajasminka.sk\/index.php?rest_route=%2Fwp%2Fv2%2Fcomments&post=615"}],"wp:featuredmedia":[{"embeddable":true,"href":"http:\/\/cajovnajasminka.sk\/index.php?rest_route=\/wp\/v2\/media\/620"}],"wp:attachment":[{"href":"http:\/\/cajovnajasminka.sk\/index.php?rest_route=%2Fwp%2Fv2%2Fmedia&parent=615"}],"curies":[{"name":"wp","href":"https:\/\/api.w.org\/{rel}","templated":true}]}}