{"id":614,"date":"2017-06-08T18:11:07","date_gmt":"2017-06-08T16:11:07","guid":{"rendered":"http:\/\/cajovnajasminka.sk\/?post_type=product&#038;p=614"},"modified":"2023-02-19T14:00:50","modified_gmt":"2023-02-19T13:00:50","slug":"plamienka-pankreas-creva-imunita","status":"publish","type":"product","link":"http:\/\/cajovnajasminka.sk\/?product=plamienka-pankreas-creva-imunita","title":{"rendered":"Plamienka-pankreas, \u010drev\u00e1, imunita"},"content":{"rendered":"<p>Vysoko kvalitn\u00fd bylinn\u00fd v\u00fd\u0165a\u017eok vyroben\u00fd z \u010derstv\u00fdch byl\u00edn \u0161peci\u00e1lnym homeopatick\u00fdm postupom v\u00fdroby, potencovan\u00fd D3<br \/>\nPre zv\u00fd\u0161enie \u00fa\u010dinku je mo\u017en\u00e9 kombinova\u0165 so zodpovedaj\u00facim bylinn\u00fdm \u010dajom Serafin<\/p>\n<p><strong>Napom\u00e1ha pri zn\u00ed\u017eenej funkcii pankreasu<br \/>\nPodporuje \u010dinnos\u0165 \u010drevnej sliznice<br \/>\nReguluje obsah prirodzen\u00fdch betagluk\u00e1nov<br \/>\nZvy\u0161uje imunitu<\/strong><\/p>\n<p><strong> Zlo\u017eenie:<br \/>\n<\/strong>V\u00fd\u0165a\u017eok z Plamienky zimnej, \u00a040% alkohol, rieden\u00fd D3<\/p>\n<p><strong>Obsah balenia : 50 ml<\/strong><\/p>\n","protected":false},"excerpt":{"rendered":"<p><strong>Obsah balenia : 50 ml<\/strong><\/p>\n","protected":false},"featured_media":619,"comment_status":"open","ping_status":"closed","template":"","meta":[],"_links":{"self":[{"href":"http:\/\/cajovnajasminka.sk\/index.php?rest_route=\/wp\/v2\/product\/614"}],"collection":[{"href":"http:\/\/cajovnajasminka.sk\/index.php?rest_route=\/wp\/v2\/product"}],"about":[{"href":"http:\/\/cajovnajasminka.sk\/index.php?rest_route=\/wp\/v2\/types\/product"}],"replies":[{"embeddable":true,"href":"http:\/\/cajovnajasminka.sk\/index.php?rest_route=%2Fwp%2Fv2%2Fcomments&post=614"}],"wp:featuredmedia":[{"embeddable":true,"href":"http:\/\/cajovnajasminka.sk\/index.php?rest_route=\/wp\/v2\/media\/619"}],"wp:attachment":[{"href":"http:\/\/cajovnajasminka.sk\/index.php?rest_route=%2Fwp%2Fv2%2Fmedia&parent=614"}],"curies":[{"name":"wp","href":"https:\/\/api.w.org\/{rel}","templated":true}]}}