{"id":582,"date":"2017-05-14T19:04:36","date_gmt":"2017-05-14T17:04:36","guid":{"rendered":"http:\/\/cajovnajasminka.sk\/?post_type=product&#038;p=582"},"modified":"2023-02-19T14:04:18","modified_gmt":"2023-02-19T13:04:18","slug":"ginko-mozog-pamat-cievy","status":"publish","type":"product","link":"http:\/\/cajovnajasminka.sk\/?product=ginko-mozog-pamat-cievy","title":{"rendered":"Ginko-mozog, pam\u00e4\u0165, cievy"},"content":{"rendered":"<p>Vysoko kvalitn\u00fd bylinn\u00fd v\u00fd\u0165a\u017eok vyroben\u00fd z \u010derstv\u00fdch byl\u00edn \u0161peci\u00e1lnym homeopatick\u00fdm postupom v\u00fdroby, potencovan\u00fd D3<br \/>\nPre zv\u00fd\u0161enie \u00fa\u010dinku je mo\u017en\u00e9 kombinova\u0165 so zodpovedaj\u00facim bylinn\u00fdm \u010dajom Serafin<\/p>\n<p><strong>Podporuje krvn\u00fd obeh<\/strong><br \/>\n<strong>Posil\u0148uje mozog a pam\u00e4\u0165<br \/>\nPriaznivo p\u00f4sob\u00ed na kardiovaskul\u00e1rny syst\u00e9m<br \/>\nPodporuje norm\u00e1lne funkcie o\u010d\u00ed a u\u0161\u00ed<\/strong><\/p>\n<p><strong> Zlo\u017eenie:<br \/>\n<\/strong>V\u00fd\u0165a\u017eok z Ginko Biloba, 40% alkohol, rieden\u00fd D3<\/p>\n<p><strong>Obsah balenia : 50 ml<\/strong><\/p>\n","protected":false},"excerpt":{"rendered":"<p><strong>Obsah balenia : 50 ml<\/strong><\/p>\n","protected":false},"featured_media":587,"comment_status":"closed","ping_status":"closed","template":"","meta":[],"_links":{"self":[{"href":"http:\/\/cajovnajasminka.sk\/index.php?rest_route=\/wp\/v2\/product\/582"}],"collection":[{"href":"http:\/\/cajovnajasminka.sk\/index.php?rest_route=\/wp\/v2\/product"}],"about":[{"href":"http:\/\/cajovnajasminka.sk\/index.php?rest_route=\/wp\/v2\/types\/product"}],"replies":[{"embeddable":true,"href":"http:\/\/cajovnajasminka.sk\/index.php?rest_route=%2Fwp%2Fv2%2Fcomments&post=582"}],"wp:featuredmedia":[{"embeddable":true,"href":"http:\/\/cajovnajasminka.sk\/index.php?rest_route=\/wp\/v2\/media\/587"}],"wp:attachment":[{"href":"http:\/\/cajovnajasminka.sk\/index.php?rest_route=%2Fwp%2Fv2%2Fmedia&parent=582"}],"curies":[{"name":"wp","href":"https:\/\/api.w.org\/{rel}","templated":true}]}}