{"id":572,"date":"2017-05-14T10:46:31","date_gmt":"2017-05-14T08:46:31","guid":{"rendered":"http:\/\/cajovnajasminka.sk\/?post_type=product&#038;p=572"},"modified":"2023-02-19T14:05:19","modified_gmt":"2023-02-19T13:05:19","slug":"gotukola-cievy-lymfa-mozog","status":"publish","type":"product","link":"http:\/\/cajovnajasminka.sk\/?product=gotukola-cievy-lymfa-mozog","title":{"rendered":"Gotukola-cievy, lymfa, mozog"},"content":{"rendered":"<p>Vysoko kvalitn\u00fd bylinn\u00fd v\u00fd\u0165a\u017eok vyroben\u00fd z \u010derstv\u00fdch byl\u00edn \u0161peci\u00e1lnym homeopatick\u00fdm postupom v\u00fdroby, potencovan\u00fd D3<br \/>\nPre zv\u00fd\u0161enie \u00fa\u010dinku je mo\u017en\u00e9 kombinova\u0165 so zodpovedaj\u00facim bylinn\u00fdm \u010dajom Serafin<\/p>\n<p><strong>Podporuje \u010dinnos\u0165 mozgu<br \/>\nPodporuje cievny a lymfatick\u00fd syst\u00e9m<br \/>\nPom\u00e1ha pri syndr\u00f3me \u0165a\u017ek\u00fdch n\u00f4h<br \/>\nPozit\u00edvne p\u00f4sob\u00ed na ment\u00e1lne \u010dinnosti<\/strong><\/p>\n<p><strong> Zlo\u017eenie:<br \/>\n<\/strong>V\u00fd\u0165a\u017eok z Pupo\u010dn\u00edka \u00e1zijsk\u00e9ho, 40% alkohol, rieden\u00fd D3<\/p>\n<p><strong>Obsah balenia : 50 ml<\/strong><\/p>\n","protected":false},"excerpt":{"rendered":"<p><strong>Obsah balenia : 50 ml<\/strong><\/p>\n","protected":false},"featured_media":577,"comment_status":"open","ping_status":"closed","template":"","meta":[],"_links":{"self":[{"href":"http:\/\/cajovnajasminka.sk\/index.php?rest_route=\/wp\/v2\/product\/572"}],"collection":[{"href":"http:\/\/cajovnajasminka.sk\/index.php?rest_route=\/wp\/v2\/product"}],"about":[{"href":"http:\/\/cajovnajasminka.sk\/index.php?rest_route=\/wp\/v2\/types\/product"}],"replies":[{"embeddable":true,"href":"http:\/\/cajovnajasminka.sk\/index.php?rest_route=%2Fwp%2Fv2%2Fcomments&post=572"}],"wp:featuredmedia":[{"embeddable":true,"href":"http:\/\/cajovnajasminka.sk\/index.php?rest_route=\/wp\/v2\/media\/577"}],"wp:attachment":[{"href":"http:\/\/cajovnajasminka.sk\/index.php?rest_route=%2Fwp%2Fv2%2Fmedia&parent=572"}],"curies":[{"name":"wp","href":"https:\/\/api.w.org\/{rel}","templated":true}]}}