{"id":463,"date":"2017-05-04T11:40:33","date_gmt":"2017-05-04T09:40:33","guid":{"rendered":"http:\/\/cajovnajasminka.sk\/?post_type=product&#038;p=463"},"modified":"2024-02-12T08:37:03","modified_gmt":"2024-02-12T07:37:03","slug":"prekyslenie-cajovy-koncentrat","status":"publish","type":"product","link":"http:\/\/cajovnajasminka.sk\/?product=prekyslenie-cajovy-koncentrat","title":{"rendered":"Prekyslenie-\u010dajov\u00fd koncentr\u00e1t"},"content":{"rendered":"<p><strong>Vysoko kvalitn\u00fd koncentrovan\u00fd bylinn\u00fd \u010daj zostaven\u00fd pod\u013ea origin\u00e1lnej recept\u00fary, vyr\u00e1ban\u00fd unik\u00e1tnou met\u00f3dou a ur\u010den\u00fd na konkr\u00e9tny probl\u00e9m<\/strong><\/p>\n<p><strong>P\u00fapava kore\u0148 &#8211;<\/strong> podporuje detoxik\u00e1ciu a spr\u00e1vnu \u010drevn\u00fa mikrofl\u00f3ru<strong><br \/>\n\u017dih\u013eava v\u0148a\u0165 &#8211; <\/strong>podporuje o\u010distu a \u010drevn\u00fa mikrofl\u00f3ru<strong><br \/>\n\u010cakanka kore\u0148 &#8211; <\/strong>podporuje tr\u00e1venie, redukciu v\u00e1hy, pe\u010de\u0148<strong><br \/>\nBenedikt v\u0148a\u0165 &#8211; <\/strong>podporuje tr\u00e1venie<strong><br \/>\nLop\u00fach kore\u0148 &#8211; <\/strong>podporuje o\u010distu krvi<strong><br \/>\nPu\u0161kvorec kore\u0148 &#8211; <\/strong>podporuje tr\u00e1venie<strong><br \/>\nPrasli\u010dka v\u0148a\u0165 &#8211; <\/strong>podporuje kvalitu nechtov, vlasov, ko\u017ee, kost\u00ed a chrupavky<strong><br \/>\nJabl\u010dn\u00fd koncentr\u00e1t<\/strong><\/p>\n<p>N\u00e1vod na pou\u017eitie: 1 polievkov\u00fa ly\u017eicu koncentr\u00e1tu priamo prehltneme a zapijeme dostato\u010dn\u00fdm mno\u017estvom vody alebo priprav\u00edme \u010daj tak, \u017ee zriedime 1 polievkov\u00fa ly\u017eicu koncentr\u00e1tu teplou, prevarenou vodou a postupne pop\u00edjame.<br \/>\nU\u017e\u00edvame 3x denne pred jedlom alebo medzi jedlami. Po 3 t\u00fd\u017ed\u0148och u\u017e\u00edvania odpor\u00fa\u010dame 1 t\u00fd\u017ede\u0148 pauzu<\/p>\n<p>D\u00e1vka pre deti: 1 k\u00e1vov\u00e1 ly\u017ei\u010dka 2x denne<\/p>\n<p>Vhodn\u00e9 pre deti od 6 rokov.<\/p>\n<p><strong>Obsah balenia : 250 ml\u00a0<\/strong><\/p>\n","protected":false},"excerpt":{"rendered":"<p><strong>Obsah balenia : 250 ml\u00a0<\/strong><\/p>\n","protected":false},"featured_media":465,"comment_status":"open","ping_status":"closed","template":"","meta":[],"_links":{"self":[{"href":"http:\/\/cajovnajasminka.sk\/index.php?rest_route=\/wp\/v2\/product\/463"}],"collection":[{"href":"http:\/\/cajovnajasminka.sk\/index.php?rest_route=\/wp\/v2\/product"}],"about":[{"href":"http:\/\/cajovnajasminka.sk\/index.php?rest_route=\/wp\/v2\/types\/product"}],"replies":[{"embeddable":true,"href":"http:\/\/cajovnajasminka.sk\/index.php?rest_route=%2Fwp%2Fv2%2Fcomments&post=463"}],"wp:featuredmedia":[{"embeddable":true,"href":"http:\/\/cajovnajasminka.sk\/index.php?rest_route=\/wp\/v2\/media\/465"}],"wp:attachment":[{"href":"http:\/\/cajovnajasminka.sk\/index.php?rest_route=%2Fwp%2Fv2%2Fmedia&parent=463"}],"curies":[{"name":"wp","href":"https:\/\/api.w.org\/{rel}","templated":true}]}}