{"id":425,"date":"2017-05-04T10:15:05","date_gmt":"2017-05-04T08:15:05","guid":{"rendered":"http:\/\/cajovnajasminka.sk\/?post_type=product&#038;p=425"},"modified":"2023-02-15T09:56:26","modified_gmt":"2023-02-15T08:56:26","slug":"vlasy-bylinny-caj-porciovany","status":"publish","type":"product","link":"http:\/\/cajovnajasminka.sk\/?product=vlasy-bylinny-caj-porciovany","title":{"rendered":"Vlasy-Bylinn\u00fd \u010daj porciovan\u00fd"},"content":{"rendered":"<p>\u010cesk\u00fd kvalitn\u00fd sypan\u00fd bylinn\u00fd \u010daj zostavovan\u00fd pod\u013ea origin\u00e1lnej recept\u00fary, chr\u00e1nen\u00fd ochrannou zn\u00e1mkou, ur\u010den\u00fd na konkr\u00e9tny probl\u00e9m.<\/p>\n<p><strong>Zlo\u017eenie :\u00a0<\/strong><\/p>\n<p><strong>\u017dih\u013eava v\u0148a\u0165<\/strong> \u2013 podporuje ko\u017eu, obsahuje <strong>pr\u00edrodn\u00e9 miner\u00e1ly<\/strong><br \/>\n<strong>Prasli\u010dka v\u0148a\u0165<\/strong> \u2013 podporuje<strong> vlasy, nechty,<\/strong> zdrav\u00e9 tkaniv\u00e1<br \/>\n<strong>Baza \u010dierna kvet<\/strong> &#8211; podporuje <strong>metabolizmus<\/strong><br \/>\n<strong>Zlatoby\u013e v\u0148a\u0165<\/strong> \u2013 podporuje imunitu, mo\u010dov\u00e9 \u00fastrojenstvo<br \/>\n<strong>Lop\u00fach kore\u0148<\/strong>\u00a0\u2013 podporuje <strong>o\u010distu krvi a ko\u017ee<\/strong><br \/>\n<strong>Prvosienka kvet<\/strong> &#8211; podporuje relax\u00e1ciu a uvo\u013enenie<\/p>\n<p><strong>Obsah balenia : 15 x 2,5 g <\/strong><\/p>\n","protected":false},"excerpt":{"rendered":"<p><strong>Obsah balenia : 15 x 2,5 g <\/strong><\/p>\n","protected":false},"featured_media":1987,"comment_status":"open","ping_status":"closed","template":"","meta":[],"_links":{"self":[{"href":"http:\/\/cajovnajasminka.sk\/index.php?rest_route=\/wp\/v2\/product\/425"}],"collection":[{"href":"http:\/\/cajovnajasminka.sk\/index.php?rest_route=\/wp\/v2\/product"}],"about":[{"href":"http:\/\/cajovnajasminka.sk\/index.php?rest_route=\/wp\/v2\/types\/product"}],"replies":[{"embeddable":true,"href":"http:\/\/cajovnajasminka.sk\/index.php?rest_route=%2Fwp%2Fv2%2Fcomments&post=425"}],"wp:featuredmedia":[{"embeddable":true,"href":"http:\/\/cajovnajasminka.sk\/index.php?rest_route=\/wp\/v2\/media\/1987"}],"wp:attachment":[{"href":"http:\/\/cajovnajasminka.sk\/index.php?rest_route=%2Fwp%2Fv2%2Fmedia&parent=425"}],"curies":[{"name":"wp","href":"https:\/\/api.w.org\/{rel}","templated":true}]}}