{"id":415,"date":"2017-05-04T10:14:10","date_gmt":"2017-05-04T08:14:10","guid":{"rendered":"http:\/\/cajovnajasminka.sk\/?post_type=product&#038;p=415"},"modified":"2023-02-15T09:58:08","modified_gmt":"2023-02-15T08:58:08","slug":"pocatie-bylinny-caj-porciovany","status":"publish","type":"product","link":"http:\/\/cajovnajasminka.sk\/?product=pocatie-bylinny-caj-porciovany","title":{"rendered":"Po\u010datie\/Tehotenstvo-Bylinn\u00fd \u010daj porciovan\u00fd"},"content":{"rendered":"<p>\u010cesk\u00fd kvalitn\u00fd sypan\u00fd bylinn\u00fd \u010daj zostavovan\u00fd pod\u013ea origin\u00e1lnej recept\u00fary, chr\u00e1nen\u00fd ochrannou zn\u00e1mkou, ur\u010den\u00fd na konkr\u00e9tny probl\u00e9m.<\/p>\n<p><strong>Zlo\u017eenie :\u00a0<\/strong><\/p>\n<p><strong>P\u00fapava kore\u0148<\/strong>\u00a0&#8211; podporuje <strong>celkov\u00fd metabolizmus<\/strong><br \/>\n<strong>\u017dih\u013eava v\u0148a\u0165<\/strong> \u2013podporuje <strong>vitalitu, <\/strong>dod\u00e1va\u00a0<strong>pr\u00edrodn\u00e9 miner\u00e1ly<\/strong><br \/>\n<strong>Rebr\u00ed\u010dek v\u0148a\u0165<\/strong> \u2013 podporuje <strong>spr\u00e1vnu men\u0161tru\u00e1ciu<\/strong> u \u017eien<br \/>\n<strong>Alchemilka\u00a0v\u0148a\u0165<\/strong>\u2013podporuje <strong>spr\u00e1vne funkcie \u017eensk\u00fdch pohlavn\u00fdch<\/strong> org\u00e1nov<br \/>\n<strong>\u010eatelina\u00a0\u010derven\u00e1 kvet<\/strong>\u00a0\u2013 zais\u0165uje <strong>hormon\u00e1lny komfort<\/strong> u \u017eien<br \/>\n<strong>\u013dubovn\u00edk v\u0148a\u0165<\/strong> \u2013 podporuje celkov\u00fa\u00a0<strong>imunitu, relax\u00e1ciu, uvo\u013enenie\u00a0<\/strong><\/p>\n<p><strong>Obsah balenia : 15 x 2,5 g <\/strong><\/p>\n","protected":false},"excerpt":{"rendered":"<p><strong>Obsah balenia : 15 x 2,5 g <\/strong><\/p>\n","protected":false},"featured_media":1981,"comment_status":"open","ping_status":"closed","template":"","meta":[],"_links":{"self":[{"href":"http:\/\/cajovnajasminka.sk\/index.php?rest_route=\/wp\/v2\/product\/415"}],"collection":[{"href":"http:\/\/cajovnajasminka.sk\/index.php?rest_route=\/wp\/v2\/product"}],"about":[{"href":"http:\/\/cajovnajasminka.sk\/index.php?rest_route=\/wp\/v2\/types\/product"}],"replies":[{"embeddable":true,"href":"http:\/\/cajovnajasminka.sk\/index.php?rest_route=%2Fwp%2Fv2%2Fcomments&post=415"}],"wp:featuredmedia":[{"embeddable":true,"href":"http:\/\/cajovnajasminka.sk\/index.php?rest_route=\/wp\/v2\/media\/1981"}],"wp:attachment":[{"href":"http:\/\/cajovnajasminka.sk\/index.php?rest_route=%2Fwp%2Fv2%2Fmedia&parent=415"}],"curies":[{"name":"wp","href":"https:\/\/api.w.org\/{rel}","templated":true}]}}