{"id":3455,"date":"2022-04-22T22:02:41","date_gmt":"2022-04-22T20:02:41","guid":{"rendered":"http:\/\/cajovnajasminka.sk\/?post_type=product&#038;p=3455"},"modified":"2023-01-19T09:05:16","modified_gmt":"2023-01-19T08:05:16","slug":"arthavaprash-vitalita-zena","status":"publish","type":"product","link":"http:\/\/cajovnajasminka.sk\/?product=arthavaprash-vitalita-zena","title":{"rendered":"Arthavaprash &#8211; Vitalita \u017eena"},"content":{"rendered":"<p><strong>Arthavaprash je nutri\u010dn\u00fd bylinn\u00fd d\u017eem<\/strong> pre hormon\u00e1lnu rovnov\u00e1hu a optim\u00e1lnu \u010dinnos\u0165 \u017eenskej reproduk\u010dnej s\u00fastavy. Jej naru\u0161enie je sp\u00f4soben\u00e9 psychosomatickou disharm\u00f3niou. Prejavuje sa nap\u00e4t\u00edm, nervozitou, podr\u00e1\u017edenos\u0165ou, neistotou, nevo\u013enos\u0165ou, nechutenstvom, bolestivou men\u0161tru\u00e1ciou, neplodnos\u0165ou, frigiditou, zn\u00ed\u017eenou imunitou, vagin\u00e1lnymi v\u00fdtokmi, kl\u00ed\u010dnymi cystami, fibr\u00f3zou a \u010fal\u0161\u00edmi gynekologick\u00fdmi probl\u00e9mami.<\/p>\n<ul>\n<li><em>\u0160parg\u013ea hroznovit\u00e1<\/em>\u00a0priaznivo ovplyv\u0148uje\u00a0\u010dinnos\u0165\u00a0\u017eensk\u00e9ho\u00a0<strong>reproduk\u010dn\u00e9ho syst\u00e9mu<\/strong><\/li>\n<li>Optimalizuje\u00a0<strong>hormon\u00e1lnu rovnov\u00e1hu<\/strong>\u00a0a <strong>men\u0161trua\u010dn\u00fd cyklus<\/strong><\/li>\n<li>Prispieva k pokojn\u00e9mu priebehu\u00a0<strong>men\u0161tru\u00e1cie<\/strong>\u00a0a ich prejavov<\/li>\n<li><strong>Harmonizuje psychick\u00fd stav<\/strong>\u00a0pri podr\u00e1\u017edenosti a nervozite<\/li>\n<li><em>Withania opojn\u00e1<\/em>\u00a0prispieva k dobrej <strong>du\u0161evnej pohode<\/strong><\/li>\n<li><em>Kotvi\u010dn\u00edk zemn\u00fd<\/em>\u00a0podporuje norm\u00e1lnu funk\u010dnos\u0165 <strong>mo\u010dovej s\u00fastavy<\/strong><\/li>\n<li><em>Embilika lek\u00e1rska<\/em>\u00a0prospieva <strong>tr\u00e1viacemu traktu a imunitn\u00e9mu syst\u00e9mu<\/strong><\/li>\n<\/ul>\n<p><strong>Zlo\u017eenie :<\/strong> embilika lek\u00e1rska, \u0161parg\u013ea hroznovit\u00e1, withania opojn\u00e1, kotvi\u010dn\u00edk zemn\u00fd, zeler vo\u0148av\u00fd (bulva), \u0161koricovn\u00edk cejl\u00f3nsky, kurkumovn\u00edk dlh\u00fd, fenikel oby\u010dajn\u00fd, dlh\u00e9 korenie, ghee (prepusten\u00e9 maslo), palmov\u00fd sirup<\/p>\n<p><strong>Doporu\u010den\u00e9 d\u00e1vkovanie :<\/strong>1 \u010dajov\u00fa ly\u017ei\u010dku (tj. 5g\/ly\u017ei\u010dku) 2 \u2013 3x denne samostatne alebo zapi\u0165 \u0161\u00e1lkou vla\u017en\u00e9ho mlieka \u010di vody. Pr\u00edprava lahodn\u00e9ho n\u00e1poja: 1 \u010dajov\u00fa ly\u017ei\u010dku rozmie\u0161ajte v 250 ml vla\u017en\u00e9ho mlieka \u010di vody.<\/p>\n<p>&nbsp;<\/p>\n<p>&nbsp;<\/p>\n<p>&nbsp;<\/p>\n","protected":false},"excerpt":{"rendered":"<p><strong>Gram\u00e1\u017e : 200 g bylinn\u00e9ho d\u017eemu<\/strong><\/p>\n<p><strong>Ajurv\u00e9dsky nutri\u010dn\u00fd elix\u00edr<\/strong><\/p>\n","protected":false},"featured_media":3456,"comment_status":"closed","ping_status":"closed","template":"","meta":[],"_links":{"self":[{"href":"http:\/\/cajovnajasminka.sk\/index.php?rest_route=\/wp\/v2\/product\/3455"}],"collection":[{"href":"http:\/\/cajovnajasminka.sk\/index.php?rest_route=\/wp\/v2\/product"}],"about":[{"href":"http:\/\/cajovnajasminka.sk\/index.php?rest_route=\/wp\/v2\/types\/product"}],"replies":[{"embeddable":true,"href":"http:\/\/cajovnajasminka.sk\/index.php?rest_route=%2Fwp%2Fv2%2Fcomments&post=3455"}],"wp:featuredmedia":[{"embeddable":true,"href":"http:\/\/cajovnajasminka.sk\/index.php?rest_route=\/wp\/v2\/media\/3456"}],"wp:attachment":[{"href":"http:\/\/cajovnajasminka.sk\/index.php?rest_route=%2Fwp%2Fv2%2Fmedia&parent=3455"}],"curies":[{"name":"wp","href":"https:\/\/api.w.org\/{rel}","templated":true}]}}