{"id":3450,"date":"2022-04-22T18:58:51","date_gmt":"2022-04-22T16:58:51","guid":{"rendered":"http:\/\/cajovnajasminka.sk\/?post_type=product&#038;p=3450"},"modified":"2023-01-19T09:05:48","modified_gmt":"2023-01-19T08:05:48","slug":"majjaprash-mozog-a-nervy","status":"publish","type":"product","link":"http:\/\/cajovnajasminka.sk\/?product=majjaprash-mozog-a-nervy","title":{"rendered":"Majjaprash &#8211; mozog a nervy"},"content":{"rendered":"<p><strong>Majjaprash je nutri\u010dn\u00fd bylinn\u00fd d\u017eem<\/strong> pre optim\u00e1lnu \u010dinnos\u0165 mozgov\u00fdch funkci\u00ed a relax\u00e1ciu nervovej s\u00fastavy. Jej naru\u0161enie je sp\u00f4soben\u00e9 psychickou nerovnov\u00e1hou. Prejavuje sa poruchami zraku a endokrinn\u00e9ho syst\u00e9mu, o\u010dn\u00fdmi infekciami, ochabnutou mozgovou aktivitou, psychick\u00fdmi a neuralgick\u00fdmi poruchami, z\u00e1palom sedacieho nervu &#8211; ischias, p\u00e1sov\u00fdm oparom, stresom, nap\u00e4t\u00edm, \u00fazkos\u0165ou, rozru\u0161en\u00edm, nespavos\u0165ou, depresiou, epilepsiou, \u010di skler\u00f3zou multiplex.<\/p>\n<ul>\n<li><em>Nard prav\u00fd<\/em>\u00a0priaznivo p\u00f4sob\u00ed na\u00a0<strong>relax\u00e1ciu nervovej s\u00fastavy<\/strong><\/li>\n<li><em>Valeri\u00e1na lek\u00e1rska<\/em>\u00a0pom\u00e1ha <strong>upokojova\u0165 rozru\u0161en\u00fa myse\u013e<\/strong><\/li>\n<li>Prispieva k\u00a0<strong>uvo\u013e\u0148ovaniu stresu<\/strong>\u00a0a <strong>nervov\u00e9ho nap\u00e4tia<\/strong><\/li>\n<li><em>Pupo\u010dn\u00edk \u00e1zijsk\u00fd<\/em>\u00a0povzbudzuje <strong>mozgov\u00fa \u010dinnos\u0165<\/strong><\/li>\n<li>Pom\u00e1ha osvie\u017eova\u0165\u00a0<strong>pam\u00e4\u0165<\/strong>\u00a0a\u00a0<strong>zrakov\u00e9 funkcie<\/strong><\/li>\n<li><em>Withania opojn\u00e1<\/em>\u00a0pom\u00e1ha udr\u017eiava\u0165 <strong>du\u0161evn\u00fa rovnov\u00e1hu<\/strong><\/li>\n<li>Povzbudzuje <strong>psychick\u00fa odolnos\u0165<\/strong> a <strong>vitalitu organizmu<\/strong><\/li>\n<\/ul>\n<p><strong>Zlo\u017eenie :<\/strong>embilika lek\u00e1rska, nard prav\u00fd, pupo\u010dn\u00edk \u00e1zijsk\u00fd, withania opojn\u00e1, valeri\u00e1na lek\u00e1rska, vini\u010d hroznorod\u00fd, sladovka hladkoplod\u00e1, vo\u0148atka citr\u00f3nov\u00e1, santalovn\u00edk biely, piepor \u010dierny, \u010fumbier lek\u00e1rsky, r\u00edmska rasca, ghee (prepusten\u00e9 maslo), palmov\u00fd sirup<\/p>\n<p><strong>Doporu\u010den\u00e9 d\u00e1vkovanie :<\/strong>1 \u010dajov\u00fa ly\u017ei\u010dku (tj. 5g\/ly\u017ei\u010dku) 2 \u2013 3x denne samostatne alebo zapi\u0165 \u0161\u00e1lkou vla\u017en\u00e9ho mlieka \u010di vody. Pr\u00edprava lahodn\u00e9ho n\u00e1poja: 1 \u010dajov\u00fa ly\u017ei\u010dku rozmie\u0161ajte v 250 ml vla\u017en\u00e9ho mlieka \u010di vody.<\/p>\n<p>&nbsp;<\/p>\n<p>&nbsp;<\/p>\n<p>&nbsp;<\/p>\n","protected":false},"excerpt":{"rendered":"<p><strong>Gram\u00e1\u017e : 200 g bylinn\u00e9ho d\u017eemu<\/strong><\/p>\n<p><strong>Ajurv\u00e9dsky nutri\u010dn\u00fd elix\u00edr<\/strong><\/p>\n","protected":false},"featured_media":3451,"comment_status":"closed","ping_status":"closed","template":"","meta":[],"_links":{"self":[{"href":"http:\/\/cajovnajasminka.sk\/index.php?rest_route=\/wp\/v2\/product\/3450"}],"collection":[{"href":"http:\/\/cajovnajasminka.sk\/index.php?rest_route=\/wp\/v2\/product"}],"about":[{"href":"http:\/\/cajovnajasminka.sk\/index.php?rest_route=\/wp\/v2\/types\/product"}],"replies":[{"embeddable":true,"href":"http:\/\/cajovnajasminka.sk\/index.php?rest_route=%2Fwp%2Fv2%2Fcomments&post=3450"}],"wp:featuredmedia":[{"embeddable":true,"href":"http:\/\/cajovnajasminka.sk\/index.php?rest_route=\/wp\/v2\/media\/3451"}],"wp:attachment":[{"href":"http:\/\/cajovnajasminka.sk\/index.php?rest_route=%2Fwp%2Fv2%2Fmedia&parent=3450"}],"curies":[{"name":"wp","href":"https:\/\/api.w.org\/{rel}","templated":true}]}}