{"id":3445,"date":"2022-04-22T18:48:15","date_gmt":"2022-04-22T16:48:15","guid":{"rendered":"http:\/\/cajovnajasminka.sk\/?post_type=product&#038;p=3445"},"modified":"2023-01-19T09:06:37","modified_gmt":"2023-01-19T08:06:37","slug":"asthiprash-kosti-a-klby","status":"publish","type":"product","link":"http:\/\/cajovnajasminka.sk\/?product=asthiprash-kosti-a-klby","title":{"rendered":"Asthiprash &#8211; kosti a k\u013aby"},"content":{"rendered":"<p><strong>Asthiprash je nutri\u010dn\u00fd bylinn\u00fd d\u017eem<\/strong> pre optim\u00e1lny stav kostn\u00e9ho tkaniva a k\u013abov\u00e9ho apar\u00e1tu. Naru\u0161enie tohto tkaniva je sp\u00f4soben\u00e9 nedostato\u010dn\u00fdm mno\u017estvom miner\u00e1lov a zne\u010disten\u00edm \u010drevn\u00e9ho traktu. Prejavuje sa boles\u0165ami k\u013abov, artrit\u00eddou, reumatizmom, osteopor\u00f3zou, nedostatkom v\u00e1pnika, poruchou \u0161t\u00edtnej \u017e\u013eazy, kostn\u00fdmi v\u00fdrastkami, z\u00e1palom svalov\u00fdch \u0161liach, kazivos\u0165ou zubov, vypad\u00e1van\u00edm vlasov, neistotou a tvrdohlavos\u0165ou.<\/p>\n<ul>\n<li><em>Tinosp\u00f3ra srdcolist\u00e1<\/em>\u00a0podporuje norm\u00e1lnu\u00a0<strong>pohyblivos\u0165 k\u013abov<\/strong><\/li>\n<li><em>\u010eumbier lek\u00e1rsky<\/em>\u00a0pom\u00e1ha <strong>uvo\u013e\u0148ova\u0165 svalov\u00fa a k\u013abov\u00fa stuhnutos\u0165<\/strong><\/li>\n<li><em>Kurkumovn\u00edk dlh\u00fd<\/em>\u00a0prispieva k optim\u00e1lnemu stavu k\u013abov a kost\u00ed<\/li>\n<li><em>V\u00e1pnik<\/em>\u00a0priaznivo p\u00f4sob\u00ed na\u00a0<strong>stav svalov, kost\u00ed a chrupaviek<\/strong><\/li>\n<li><em>P\u0161enica letn\u00e1<\/em>\u00a0prispieva k <strong>dop\u013a\u0148anie vitam\u00ednov a miner\u00e1lnych l\u00e1tok<\/strong><\/li>\n<li><em>Embilika lek\u00e1rska<\/em>\u00a0harmonizuje \u010dinnos\u0165<strong> tr\u00e1viacej s\u00fastavy<\/strong><\/li>\n<li>Normalizuje imunitn\u00fd syst\u00e9m <strong>\u010drevnej fl\u00f3ry<\/strong><\/li>\n<li><\/li>\n<\/ul>\n<p><strong>Zlo\u017eenie :<\/strong> embilika lek\u00e1rska, tinosp\u00f3ra srdcolist\u00e1, kurkumovn\u00edk dlh\u00fd, m\u00e4ta ro\u013en\u00e1, \u010fumbier lek\u00e1rsky, dat\u013eovn\u00edk prav\u00fd (plod &#8211; datle), p\u0161enica letn\u00e1, dlh\u00e9 korenie, \u0161koricovn\u00edk cejl\u00f3nsky, vo\u0148atka citr\u00f3nov\u00e1, v\u00e1pnik, ghee (prepusten\u00e9 maslo), palmov\u00fd sirup<\/p>\n<p><strong>Doporu\u010den\u00e9 d\u00e1vkovanie :<\/strong>1 \u010dajov\u00fa ly\u017ei\u010dku (tj. 5g\/ly\u017ei\u010dku) 2 \u2013 3x denne samostatne alebo zapi\u0165 \u0161\u00e1lkou vla\u017en\u00e9ho mlieka \u010di vody. Pr\u00edprava lahodn\u00e9ho n\u00e1poja: 1 \u010dajov\u00fa ly\u017ei\u010dku rozmie\u0161ajte v 250 ml vla\u017en\u00e9ho mlieka \u010di vody.<\/p>\n<p>&nbsp;<\/p>\n<p>&nbsp;<\/p>\n<p>&nbsp;<\/p>\n","protected":false},"excerpt":{"rendered":"<p><strong>Gram\u00e1\u017e : 200 g bylinn\u00e9ho d\u017eemu<\/strong><\/p>\n<p><strong>Ajurv\u00e9dsky nutri\u010dn\u00fd elix\u00edr<\/strong><\/p>\n","protected":false},"featured_media":3448,"comment_status":"closed","ping_status":"closed","template":"","meta":[],"_links":{"self":[{"href":"http:\/\/cajovnajasminka.sk\/index.php?rest_route=\/wp\/v2\/product\/3445"}],"collection":[{"href":"http:\/\/cajovnajasminka.sk\/index.php?rest_route=\/wp\/v2\/product"}],"about":[{"href":"http:\/\/cajovnajasminka.sk\/index.php?rest_route=\/wp\/v2\/types\/product"}],"replies":[{"embeddable":true,"href":"http:\/\/cajovnajasminka.sk\/index.php?rest_route=%2Fwp%2Fv2%2Fcomments&post=3445"}],"wp:featuredmedia":[{"embeddable":true,"href":"http:\/\/cajovnajasminka.sk\/index.php?rest_route=\/wp\/v2\/media\/3448"}],"wp:attachment":[{"href":"http:\/\/cajovnajasminka.sk\/index.php?rest_route=%2Fwp%2Fv2%2Fmedia&parent=3445"}],"curies":[{"name":"wp","href":"https:\/\/api.w.org\/{rel}","templated":true}]}}