{"id":3442,"date":"2022-04-22T18:36:16","date_gmt":"2022-04-22T16:36:16","guid":{"rendered":"http:\/\/cajovnajasminka.sk\/?post_type=product&#038;p=3442"},"modified":"2023-01-19T09:06:51","modified_gmt":"2023-01-19T08:06:51","slug":"mamsaprash-svalstvo-a-sila","status":"publish","type":"product","link":"http:\/\/cajovnajasminka.sk\/?product=mamsaprash-svalstvo-a-sila","title":{"rendered":"Mamsaprash &#8211; Svalstvo a sila"},"content":{"rendered":"<p><strong>Mamsaprash je nutri\u010dn\u00fd bylinn\u00fd d\u017eem<\/strong> pre posilnenie svalov\u00e9ho tkaniva a optimaliz\u00e1ciu fyzick\u00fdch s\u00edl. Naru\u0161enie tohto tkaniva je sp\u00f4soben\u00e9 nedostato\u010dn\u00fdm pr\u00edsunom bielkov\u00edn a nepravideln\u00fdm rytmom ka\u017edodennej stravy. Prejavuje sa ochabnutou telesnou stavbou, nerozvinut\u00fdm svalstvom, stuhnutos\u0165ou pohybov\u00e9ho apar\u00e1tu, boles\u0165ami chrbta, poruchou platni\u010diek, z\u00e1palmi \u0161liach a k\u013abov, poruchami koordin\u00e1cie, tvorbou my\u00f3mov, k\u00fdlou, \u00fanavou, strachom, nedostatkom sebad\u00f4very a psychickou nestabilitou.<\/p>\n<ul>\n<li><em>Kotvi\u010dn\u00edk zemn\u00fd<\/em>\u00a0prispieva k\u00a0<strong>posilneniu svalstva<\/strong><\/li>\n<li><strong>Pom\u00e1ha uvo\u013e\u0148ova\u0165 svalov\u00e9 nap\u00e4tie a stuhnutos\u0165<\/strong><\/li>\n<li><em>Withania opojn\u00e1<\/em>\u00a0podporuje <strong>tvorbu svalovej hmoty<\/strong><\/li>\n<li>P\u00f4sob\u00ed ako povzbudzuj\u00face\u00a0tonikum\u00a0a zdroj\u00a0<strong>energie<\/strong><\/li>\n<li><em>\u010eumbier lek\u00e1rsky<\/em>\u00a0podporuje toniz\u00e1ciu svalov\u00e9ho tkaniva<\/li>\n<li>Posil\u0148uje <strong>energiu a vitalitu<\/strong> organizmu<\/li>\n<li><em>\u0160parg\u013ea hroznovit\u00e1<\/em>\u00a0pom\u00e1ha udr\u017eiava\u0165<strong> du\u0161evn\u00fa rovnov\u00e1hu<\/strong><\/li>\n<\/ul>\n<p><strong>Zlo\u017eenie :<\/strong>embilika lek\u00e1rska, kotvi\u010dn\u00edk zemn\u00fd, withania opojn\u00e1, \u010fumbier lek\u00e1rsky, \u0161parg\u013ea hroznovit\u00e1, pueraria lobata, sezam indick\u00fd (semen\u00e1), obli\u010dkovec z\u00e1padn\u00fd (plod &#8211; orech ke\u0161u), ghee (prepusten\u00e9 maslo), med, palmov\u00fd sirup<\/p>\n<p><strong>Doporu\u010den\u00e9 d\u00e1vkovanie :<\/strong>1 \u010dajov\u00fa ly\u017ei\u010dku (tj. 5g\/ly\u017ei\u010dku) 2 \u2013 3x denne samostatne alebo zapi\u0165 \u0161\u00e1lkou vla\u017en\u00e9ho mlieka \u010di vody. Pr\u00edprava lahodn\u00e9ho n\u00e1poja: 1 \u010dajov\u00fa ly\u017ei\u010dku rozmie\u0161ajte v 250 ml vla\u017en\u00e9ho mlieka \u010di vody.<\/p>\n<p>&nbsp;<\/p>\n<p>&nbsp;<\/p>\n<p>&nbsp;<\/p>\n","protected":false},"excerpt":{"rendered":"<p><strong>Gram\u00e1\u017e : 200 g bylinn\u00e9ho d\u017eemu<\/strong><\/p>\n<p><strong>Ajurv\u00e9dsky nutri\u010dn\u00fd elix\u00edr<\/strong><\/p>\n","protected":false},"featured_media":3444,"comment_status":"closed","ping_status":"closed","template":"","meta":[],"_links":{"self":[{"href":"http:\/\/cajovnajasminka.sk\/index.php?rest_route=\/wp\/v2\/product\/3442"}],"collection":[{"href":"http:\/\/cajovnajasminka.sk\/index.php?rest_route=\/wp\/v2\/product"}],"about":[{"href":"http:\/\/cajovnajasminka.sk\/index.php?rest_route=\/wp\/v2\/types\/product"}],"replies":[{"embeddable":true,"href":"http:\/\/cajovnajasminka.sk\/index.php?rest_route=%2Fwp%2Fv2%2Fcomments&post=3442"}],"wp:featuredmedia":[{"embeddable":true,"href":"http:\/\/cajovnajasminka.sk\/index.php?rest_route=\/wp\/v2\/media\/3444"}],"wp:attachment":[{"href":"http:\/\/cajovnajasminka.sk\/index.php?rest_route=%2Fwp%2Fv2%2Fmedia&parent=3442"}],"curies":[{"name":"wp","href":"https:\/\/api.w.org\/{rel}","templated":true}]}}