{"id":344,"date":"2017-05-03T12:02:39","date_gmt":"2017-05-03T10:02:39","guid":{"rendered":"http:\/\/cajovnajasminka.sk\/?post_type=product&#038;p=344"},"modified":"2023-01-19T10:24:40","modified_gmt":"2023-01-19T09:24:40","slug":"medhika-kojace-zeny","status":"publish","type":"product","link":"http:\/\/cajovnajasminka.sk\/?product=medhika-kojace-zeny","title":{"rendered":"Medhika-kojace \u017eeny"},"content":{"rendered":"<p>Himal\u00e1jske byliny sa u\u017e po cel\u00e9 st\u00e1ro\u010dia pou\u017e\u00edvaj\u00fa k optimaliz\u00e1cii du\u0161evn\u00fdch a telesn\u00fdch funkci\u00ed organizmu. S\u00fa z\u00e1kladom tradi\u010dn\u00e9ho ajurv\u00e9dsk\u00e9ho lek\u00e1rstva, ktor\u00e9 ich pou\u017e\u00edva v mnoh\u00fdch najr\u00f4znej\u0161\u00edch kombin\u00e1ci\u00e1ch.<\/p>\n<p><strong>\u010caj Medhika podporuje tvorbu matersk\u00e9ho mlieka<br \/>\nP\u00f4sob\u00ed priaznivo na \u010dinnos\u0165 mlie\u010dnej \u017e\u013eazy<br \/>\nPrispieva k dobr\u00e9mu tr\u00e1veniu<br \/>\nOptimalizuje psychick\u00fd stav<br \/>\nHarmonizuje \u010dinnos\u0165 \u017eensk\u00e9ho reproduk\u010dn\u00e9ho syst\u00e9mu<\/strong><\/p>\n<p><strong>Zlo\u017eenie :\u00a0<\/strong><\/p>\n<p>Embilika lek\u00e1rska &#8211; Amalaki (Emblica officinalis), zeler vo\u0148av\u00fd (Apium graveolens), fenikel oby\u010dajn\u00fd (Foeniculum vulgare), rasca r\u00edmska (Cuminum cuminum L.), sladovka hladkoplod\u00e1 &#8211; sladk\u00e9 drievko (Glycyrrhiza glabra), \u0161parg\u013ea hroznovit\u00e1 (Asparagus racemosus), \u0161koricovn\u00edk \u010d\u00ednsky (Cinnamomum cassia), senovka gr\u00e9cka &#8211; Medhika (Trigonella foenum-graecum).<\/p>\n<p><strong>Hmotnos\u0165 :<\/strong>\u00a0100 g<\/p>\n","protected":false},"excerpt":{"rendered":"<p>Himal\u00e1jske byliny sa u\u017e po cel\u00e9 st\u00e1ro\u010dia pou\u017e\u00edvaj\u00fa k optimaliz\u00e1cii du\u0161evn\u00fdch a telesn\u00fdch funkci\u00ed organizmu. S\u00fa z\u00e1kladom tradi\u010dn\u00e9ho ajurv\u00e9dsk\u00e9ho lek\u00e1rstva, ktor\u00e9 ich pou\u017e\u00edva v mnoh\u00fdch najr\u00f4znej\u0161\u00edch kombin\u00e1ci\u00e1ch. \u010caj Medhika podporuje tvorbu matersk\u00e9ho mlieka P\u00f4sob\u00ed priaznivo na \u010dinnos\u0165 mlie\u010dnej \u017e\u013eazy Prispieva k dobr\u00e9mu tr\u00e1veniu Optimalizuje psychick\u00fd stav Harmonizuje \u010dinnos\u0165 \u017eensk\u00e9ho reproduk\u010dn\u00e9ho syst\u00e9mu Zlo\u017eenie :\u00a0 Embilika lek\u00e1rska<\/p>\n","protected":false},"featured_media":345,"comment_status":"open","ping_status":"closed","template":"","meta":[],"_links":{"self":[{"href":"http:\/\/cajovnajasminka.sk\/index.php?rest_route=\/wp\/v2\/product\/344"}],"collection":[{"href":"http:\/\/cajovnajasminka.sk\/index.php?rest_route=\/wp\/v2\/product"}],"about":[{"href":"http:\/\/cajovnajasminka.sk\/index.php?rest_route=\/wp\/v2\/types\/product"}],"replies":[{"embeddable":true,"href":"http:\/\/cajovnajasminka.sk\/index.php?rest_route=%2Fwp%2Fv2%2Fcomments&post=344"}],"wp:featuredmedia":[{"embeddable":true,"href":"http:\/\/cajovnajasminka.sk\/index.php?rest_route=\/wp\/v2\/media\/345"}],"wp:attachment":[{"href":"http:\/\/cajovnajasminka.sk\/index.php?rest_route=%2Fwp%2Fv2%2Fmedia&parent=344"}],"curies":[{"name":"wp","href":"https:\/\/api.w.org\/{rel}","templated":true}]}}