{"id":3382,"date":"2022-04-02T22:11:31","date_gmt":"2022-04-02T20:11:31","guid":{"rendered":"http:\/\/cajovnajasminka.sk\/?post_type=product&#038;p=3382"},"modified":"2022-04-02T22:13:24","modified_gmt":"2022-04-02T20:13:24","slug":"ocko-s-2","status":"publish","type":"product","link":"http:\/\/cajovnajasminka.sk\/?product=ocko-s-2","title":{"rendered":"O\u010dko S"},"content":{"rendered":"<p>Unisex batikovn\u00e9 tri\u010dko s kr\u00e1tkym ruk\u00e1vom vo ve\u013ekosti S<\/p>\n","protected":false},"excerpt":{"rendered":"<p><b>Ru\u010dn\u00e1 pr\u00e1ca, ka\u017ed\u00fd kus je origin\u00e1l, aj na objedn\u00e1vku\u00a0<\/b><\/p>\n","protected":false},"featured_media":3383,"comment_status":"closed","ping_status":"closed","template":"","meta":[],"_links":{"self":[{"href":"http:\/\/cajovnajasminka.sk\/index.php?rest_route=\/wp\/v2\/product\/3382"}],"collection":[{"href":"http:\/\/cajovnajasminka.sk\/index.php?rest_route=\/wp\/v2\/product"}],"about":[{"href":"http:\/\/cajovnajasminka.sk\/index.php?rest_route=\/wp\/v2\/types\/product"}],"replies":[{"embeddable":true,"href":"http:\/\/cajovnajasminka.sk\/index.php?rest_route=%2Fwp%2Fv2%2Fcomments&post=3382"}],"wp:featuredmedia":[{"embeddable":true,"href":"http:\/\/cajovnajasminka.sk\/index.php?rest_route=\/wp\/v2\/media\/3383"}],"wp:attachment":[{"href":"http:\/\/cajovnajasminka.sk\/index.php?rest_route=%2Fwp%2Fv2%2Fmedia&parent=3382"}],"curies":[{"name":"wp","href":"https:\/\/api.w.org\/{rel}","templated":true}]}}