{"id":337,"date":"2017-05-03T11:21:09","date_gmt":"2017-05-03T09:21:09","guid":{"rendered":"http:\/\/cajovnajasminka.sk\/?post_type=product&#038;p=337"},"modified":"2023-01-19T10:25:36","modified_gmt":"2023-01-19T09:25:36","slug":"shatawari-onkologicka-terapia","status":"publish","type":"product","link":"http:\/\/cajovnajasminka.sk\/?product=shatawari-onkologicka-terapia","title":{"rendered":"Shatawari-onkologick\u00e1 terapia"},"content":{"rendered":"<p>Himal\u00e1jske byliny sa u\u017e po cel\u00e9 st\u00e1ro\u010dia pou\u017e\u00edvaj\u00fa k optimaliz\u00e1cii du\u0161evn\u00fdch a telesn\u00fdch funkci\u00ed organizmu. S\u00fa z\u00e1kladom tradi\u010dn\u00e9ho ajurv\u00e9dsk\u00e9ho lek\u00e1rstva, ktor\u00e9 ich pou\u017e\u00edva v mnoh\u00fdch najr\u00f4znej\u0161\u00edch kombin\u00e1ci\u00e1ch.<\/p>\n<p><strong>\u010caj Shatawari posil\u0148uje odolnos\u0165 organizmu pri onkologickej terapii<br \/>\nP\u00f4sob\u00ed ako antioxidant na ochranu telesn\u00fdch tkan\u00edv<br \/>\nPrispieva k posilneniu obranyschopnosti a v\u00e4\u010d\u0161ej vitalite<br \/>\nAktivuje \u010dinnos\u0165 pe\u010dene a metabolick\u00fdch funkci\u00ed organizmu<br \/>\nM\u00e1 upokojuj\u00faci \u00fa\u010dinok a optimalizuje psychick\u00fd stav<br \/>\nCPodporuje harmoniz\u00e1ciu du\u0161evn\u00e9ho zdravia<\/strong><\/p>\n<p><strong>Zlo\u017eenie :\u00a0<\/strong><\/p>\n<p>Vit\u00e1nia spav\u00e1 &#8211; A\u0161vagandha (Withania somnifera), pupo\u010dn\u00edk \u00e1zijsk\u00fd &#8211; GotuKola (Centella asiatica), Chitraka (Plumbago zeylanica), Haritaki (Terminalia chebula), pr\u00e1venka latnat\u00e1 (Andrographis paniculata), sladovka hladkoplod\u00e1 &#8211; sladk\u00e9 drievko (Glycyrrhiza glabra), \u0161parg\u013ea hroznovit\u00e1 (Asparagus racemosus), bazalka sv\u00e4t\u00e1 (Ocimum tenuiflorum).<\/p>\n<p><strong>Hmotnos\u0165 :<\/strong>\u00a0100 g<\/p>\n","protected":false},"excerpt":{"rendered":"<p>Himal\u00e1jske byliny sa u\u017e po cel\u00e9 st\u00e1ro\u010dia pou\u017e\u00edvaj\u00fa k optimaliz\u00e1cii du\u0161evn\u00fdch a telesn\u00fdch funkci\u00ed organizmu. S\u00fa z\u00e1kladom tradi\u010dn\u00e9ho ajurv\u00e9dsk\u00e9ho lek\u00e1rstva, ktor\u00e9 ich pou\u017e\u00edva v mnoh\u00fdch najr\u00f4znej\u0161\u00edch kombin\u00e1ci\u00e1ch. \u010caj Shatawari posil\u0148uje odolnos\u0165 organizmu pri onkologickej terapii P\u00f4sob\u00ed ako antioxidant na ochranu telesn\u00fdch tkan\u00edv Prispieva k posilneniu obranyschopnosti a v\u00e4\u010d\u0161ej vitalite Aktivuje \u010dinnos\u0165 pe\u010dene a metabolick\u00fdch funkci\u00ed<\/p>\n","protected":false},"featured_media":340,"comment_status":"open","ping_status":"closed","template":"","meta":[],"_links":{"self":[{"href":"http:\/\/cajovnajasminka.sk\/index.php?rest_route=\/wp\/v2\/product\/337"}],"collection":[{"href":"http:\/\/cajovnajasminka.sk\/index.php?rest_route=\/wp\/v2\/product"}],"about":[{"href":"http:\/\/cajovnajasminka.sk\/index.php?rest_route=\/wp\/v2\/types\/product"}],"replies":[{"embeddable":true,"href":"http:\/\/cajovnajasminka.sk\/index.php?rest_route=%2Fwp%2Fv2%2Fcomments&post=337"}],"wp:featuredmedia":[{"embeddable":true,"href":"http:\/\/cajovnajasminka.sk\/index.php?rest_route=\/wp\/v2\/media\/340"}],"wp:attachment":[{"href":"http:\/\/cajovnajasminka.sk\/index.php?rest_route=%2Fwp%2Fv2%2Fmedia&parent=337"}],"curies":[{"name":"wp","href":"https:\/\/api.w.org\/{rel}","templated":true}]}}