{"id":334,"date":"2017-05-03T11:10:48","date_gmt":"2017-05-03T09:10:48","guid":{"rendered":"http:\/\/cajovnajasminka.sk\/?post_type=product&#038;p=334"},"modified":"2023-01-19T10:25:52","modified_gmt":"2023-01-19T09:25:52","slug":"manjishta-obranyschopnost-a-posilnenie-imunity-2","status":"publish","type":"product","link":"http:\/\/cajovnajasminka.sk\/?product=manjishta-obranyschopnost-a-posilnenie-imunity-2","title":{"rendered":"Manjishta-obranyschopnos\u0165 a posilnenie imunity"},"content":{"rendered":"<p>Himal\u00e1jske byliny sa u\u017e po cel\u00e9 st\u00e1ro\u010dia pou\u017e\u00edvaj\u00fa k optimaliz\u00e1cii du\u0161evn\u00fdch a telesn\u00fdch funkci\u00ed organizmu. S\u00fa z\u00e1kladom tradi\u010dn\u00e9ho ajurv\u00e9dsk\u00e9ho lek\u00e1rstva, ktor\u00e9 ich pou\u017e\u00edva v mnoh\u00fdch najr\u00f4znej\u0161\u00edch kombin\u00e1ci\u00e1ch.<\/p>\n<p><strong>\u010caj Manjishta podporuje tvorbu protil\u00e1tok a obranyschopnos\u0165 organizmu<br \/>\nPrispieva k optim\u00e1lnemu fungovaniu respira\u010dn\u00e9ho syst\u00e9mu<br \/>\nPom\u00e1ha pri syndr\u00f3me unaven\u00fdch svalov a k\u013abov<br \/>\nPodporuje imunitu, \u010dinnos\u0165 pe\u010dene a detoxik\u00e1ciu organizmu<br \/>\nPom\u00e1ha pri z\u00e1palovosti d\u00fdchac\u00edch ciest, tr\u00e1viaceho traktu, pe\u010dene a poko\u017eky<br \/>\nP\u00f4sob\u00ed podporne proti prejavom po prisat\u00ed klie\u0161\u0165a<\/strong><\/p>\n<p><strong>Zlo\u017eenie :\u00a0<\/strong><\/p>\n<p>Marena srd\u010dit\u00e1 &#8211; Manjishta (Rubia cordifolia), chebula srd\u010dit\u00e1 \u2013 Guduchi (Tinospora cordifolia), bazalka sv\u00e4t\u00e1 (Ocimum tenuiflorum), embilika lek\u00e1rska &#8211; Amalaki (Emblica officinalis), Haritaki (Terminalia chebula), Vibhitaka (Terminalia bellirica), c\u00e9der himal\u00e1jsky (Cedrus deodara), sladovka hladkoplod\u00e1 &#8211; sladk\u00e9 drievko (Glycyrrhiza glabra), kotvi\u010dn\u00edk zemn\u00fd (Tribulus terrestris), pr\u00e1venka latnat\u00e1 (Andrographis paniculata), Punanrnava (Boerhaavia diffusa), vit\u00e1nia spav\u00e1 &#8211; A\u0161vagandha (Withania somnifera), pupo\u010dn\u00edk \u00e1zijsk\u00fd &#8211; GotuKola (Centella asiatica), Arjuna (Terminalia arjuna).<\/p>\n<p><strong>Hmotnos\u0165 :<\/strong>\u00a0100 g<\/p>\n","protected":false},"excerpt":{"rendered":"<p>Himal\u00e1jske byliny sa u\u017e po cel\u00e9 st\u00e1ro\u010dia pou\u017e\u00edvaj\u00fa k optimaliz\u00e1cii du\u0161evn\u00fdch a telesn\u00fdch funkci\u00ed organizmu. S\u00fa z\u00e1kladom tradi\u010dn\u00e9ho ajurv\u00e9dsk\u00e9ho lek\u00e1rstva, ktor\u00e9 ich pou\u017e\u00edva v mnoh\u00fdch najr\u00f4znej\u0161\u00edch kombin\u00e1ci\u00e1ch. \u010caj Manjishta podporuje tvorbu protil\u00e1tok a obranyschopnos\u0165 organizmu Prispieva k optim\u00e1lnemu fungovaniu respira\u010dn\u00e9ho syst\u00e9mu Pom\u00e1ha pri syndr\u00f3me unaven\u00fdch svalov a k\u013abov Podporuje imunitu, \u010dinnos\u0165 pe\u010dene a detoxik\u00e1ciu organizmu<\/p>\n","protected":false},"featured_media":335,"comment_status":"open","ping_status":"closed","template":"","meta":[],"_links":{"self":[{"href":"http:\/\/cajovnajasminka.sk\/index.php?rest_route=\/wp\/v2\/product\/334"}],"collection":[{"href":"http:\/\/cajovnajasminka.sk\/index.php?rest_route=\/wp\/v2\/product"}],"about":[{"href":"http:\/\/cajovnajasminka.sk\/index.php?rest_route=\/wp\/v2\/types\/product"}],"replies":[{"embeddable":true,"href":"http:\/\/cajovnajasminka.sk\/index.php?rest_route=%2Fwp%2Fv2%2Fcomments&post=334"}],"wp:featuredmedia":[{"embeddable":true,"href":"http:\/\/cajovnajasminka.sk\/index.php?rest_route=\/wp\/v2\/media\/335"}],"wp:attachment":[{"href":"http:\/\/cajovnajasminka.sk\/index.php?rest_route=%2Fwp%2Fv2%2Fmedia&parent=334"}],"curies":[{"name":"wp","href":"https:\/\/api.w.org\/{rel}","templated":true}]}}