{"id":3335,"date":"2022-03-31T20:53:38","date_gmt":"2022-03-31T18:53:38","guid":{"rendered":"http:\/\/cajovnajasminka.sk\/?post_type=product&#038;p=3335"},"modified":"2022-03-31T20:57:24","modified_gmt":"2022-03-31T18:57:24","slug":"vesmir-s","status":"publish","type":"product","link":"http:\/\/cajovnajasminka.sk\/?product=vesmir-s","title":{"rendered":"Vesm\u00edr S"},"content":{"rendered":"<p>P\u00e1nska batikovan\u00e1 mikina vo ve\u013ekosti S. Na zips. S kapuc\u0148ou.<\/p>\n<p>&nbsp;<\/p>\n","protected":false},"excerpt":{"rendered":"<p><b>Ru\u010dn\u00e1 pr\u00e1ca, ka\u017ed\u00fd kus je origin\u00e1l, aj na objedn\u00e1vku\u00a0<\/b><\/p>\n","protected":false},"featured_media":3336,"comment_status":"closed","ping_status":"closed","template":"","meta":[],"_links":{"self":[{"href":"http:\/\/cajovnajasminka.sk\/index.php?rest_route=\/wp\/v2\/product\/3335"}],"collection":[{"href":"http:\/\/cajovnajasminka.sk\/index.php?rest_route=\/wp\/v2\/product"}],"about":[{"href":"http:\/\/cajovnajasminka.sk\/index.php?rest_route=\/wp\/v2\/types\/product"}],"replies":[{"embeddable":true,"href":"http:\/\/cajovnajasminka.sk\/index.php?rest_route=%2Fwp%2Fv2%2Fcomments&post=3335"}],"wp:featuredmedia":[{"embeddable":true,"href":"http:\/\/cajovnajasminka.sk\/index.php?rest_route=\/wp\/v2\/media\/3336"}],"wp:attachment":[{"href":"http:\/\/cajovnajasminka.sk\/index.php?rest_route=%2Fwp%2Fv2%2Fmedia&parent=3335"}],"curies":[{"name":"wp","href":"https:\/\/api.w.org\/{rel}","templated":true}]}}