{"id":3333,"date":"2022-03-31T20:49:21","date_gmt":"2022-03-31T18:49:21","guid":{"rendered":"http:\/\/cajovnajasminka.sk\/?post_type=product&#038;p=3333"},"modified":"2022-03-31T20:53:15","modified_gmt":"2022-03-31T18:53:15","slug":"vesmir-2xl-na-zips","status":"publish","type":"product","link":"http:\/\/cajovnajasminka.sk\/?product=vesmir-2xl-na-zips","title":{"rendered":"Vesm\u00edr 2XL na zips"},"content":{"rendered":"<p>D\u00e1mska batikovan\u00e1 mikina vo ve\u013ekosti 2XL. Na zips. S kapuc\u0148ou.<\/p>\n<p>&nbsp;<\/p>\n","protected":false},"excerpt":{"rendered":"<p><b>Ru\u010dn\u00e1 pr\u00e1ca, ka\u017ed\u00fd kus je origin\u00e1l, aj na objedn\u00e1vku\u00a0<\/b><\/p>\n","protected":false},"featured_media":3334,"comment_status":"closed","ping_status":"closed","template":"","meta":[],"_links":{"self":[{"href":"http:\/\/cajovnajasminka.sk\/index.php?rest_route=\/wp\/v2\/product\/3333"}],"collection":[{"href":"http:\/\/cajovnajasminka.sk\/index.php?rest_route=\/wp\/v2\/product"}],"about":[{"href":"http:\/\/cajovnajasminka.sk\/index.php?rest_route=\/wp\/v2\/types\/product"}],"replies":[{"embeddable":true,"href":"http:\/\/cajovnajasminka.sk\/index.php?rest_route=%2Fwp%2Fv2%2Fcomments&post=3333"}],"wp:featuredmedia":[{"embeddable":true,"href":"http:\/\/cajovnajasminka.sk\/index.php?rest_route=\/wp\/v2\/media\/3334"}],"wp:attachment":[{"href":"http:\/\/cajovnajasminka.sk\/index.php?rest_route=%2Fwp%2Fv2%2Fmedia&parent=3333"}],"curies":[{"name":"wp","href":"https:\/\/api.w.org\/{rel}","templated":true}]}}