{"id":3321,"date":"2022-03-13T21:37:08","date_gmt":"2022-03-13T20:37:08","guid":{"rendered":"http:\/\/cajovnajasminka.sk\/?post_type=product&#038;p=3321"},"modified":"2022-03-13T21:39:47","modified_gmt":"2022-03-13T20:39:47","slug":"spiral-l","status":"publish","type":"product","link":"http:\/\/cajovnajasminka.sk\/?product=spiral-l","title":{"rendered":"Spiral L"},"content":{"rendered":"<p>D\u00e1mske batikovan\u00e9 tri\u010dko vo ve\u013ekosti L. S\u00a0tyrkysovo magentovou \u0161pir\u00e1lou- symbol vzostupu a transform\u00e1cie. jemne tvarovan\u00e9 v p\u00e1se. <strong>Materi\u00e1l<\/strong> 100% bavlna.<\/p>\n<p>&nbsp;<\/p>\n","protected":false},"excerpt":{"rendered":"<p><b>Ru\u010dn\u00e1 pr\u00e1ca, ka\u017ed\u00fd kus je origin\u00e1l, aj na objedn\u00e1vku\u00a0<\/b><\/p>\n","protected":false},"featured_media":3322,"comment_status":"closed","ping_status":"closed","template":"","meta":[],"_links":{"self":[{"href":"http:\/\/cajovnajasminka.sk\/index.php?rest_route=\/wp\/v2\/product\/3321"}],"collection":[{"href":"http:\/\/cajovnajasminka.sk\/index.php?rest_route=\/wp\/v2\/product"}],"about":[{"href":"http:\/\/cajovnajasminka.sk\/index.php?rest_route=\/wp\/v2\/types\/product"}],"replies":[{"embeddable":true,"href":"http:\/\/cajovnajasminka.sk\/index.php?rest_route=%2Fwp%2Fv2%2Fcomments&post=3321"}],"wp:featuredmedia":[{"embeddable":true,"href":"http:\/\/cajovnajasminka.sk\/index.php?rest_route=\/wp\/v2\/media\/3322"}],"wp:attachment":[{"href":"http:\/\/cajovnajasminka.sk\/index.php?rest_route=%2Fwp%2Fv2%2Fmedia&parent=3321"}],"curies":[{"name":"wp","href":"https:\/\/api.w.org\/{rel}","templated":true}]}}