{"id":3316,"date":"2022-03-10T17:40:57","date_gmt":"2022-03-10T16:40:57","guid":{"rendered":"http:\/\/cajovnajasminka.sk\/?post_type=product&#038;p=3316"},"modified":"2022-03-13T21:27:11","modified_gmt":"2022-03-13T20:27:11","slug":"vibracia-m","status":"publish","type":"product","link":"http:\/\/cajovnajasminka.sk\/?product=vibracia-m","title":{"rendered":"Vibr\u00e1cia M"},"content":{"rendered":"<p>P\u00e1nske\u00a0batikovan\u00e9 tri\u010dko vo ve\u013ekosti\u00a0M\u00a0so zauj\u00edmav\u00fdm\u00a0 dizajnom s n\u00e1zvom Vibr\u00e1cia. <strong>Materi\u00e1l :<\/strong> 100% bavlna.<\/p>\n<p>&nbsp;<\/p>\n","protected":false},"excerpt":{"rendered":"<p><b>Ru\u010dn\u00e1 pr\u00e1ca, ka\u017ed\u00fd kus je origin\u00e1l, aj na objedn\u00e1vku\u00a0<\/b><\/p>\n","protected":false},"featured_media":3317,"comment_status":"closed","ping_status":"closed","template":"","meta":[],"_links":{"self":[{"href":"http:\/\/cajovnajasminka.sk\/index.php?rest_route=\/wp\/v2\/product\/3316"}],"collection":[{"href":"http:\/\/cajovnajasminka.sk\/index.php?rest_route=\/wp\/v2\/product"}],"about":[{"href":"http:\/\/cajovnajasminka.sk\/index.php?rest_route=\/wp\/v2\/types\/product"}],"replies":[{"embeddable":true,"href":"http:\/\/cajovnajasminka.sk\/index.php?rest_route=%2Fwp%2Fv2%2Fcomments&post=3316"}],"wp:featuredmedia":[{"embeddable":true,"href":"http:\/\/cajovnajasminka.sk\/index.php?rest_route=\/wp\/v2\/media\/3317"}],"wp:attachment":[{"href":"http:\/\/cajovnajasminka.sk\/index.php?rest_route=%2Fwp%2Fv2%2Fmedia&parent=3316"}],"curies":[{"name":"wp","href":"https:\/\/api.w.org\/{rel}","templated":true}]}}