{"id":3267,"date":"2022-03-09T17:00:28","date_gmt":"2022-03-09T16:00:28","guid":{"rendered":"http:\/\/cajovnajasminka.sk\/?post_type=product&#038;p=3267"},"modified":"2022-03-09T18:59:43","modified_gmt":"2022-03-09T17:59:43","slug":"mikina-s-a-m","status":"publish","type":"product","link":"http:\/\/cajovnajasminka.sk\/?product=mikina-s-a-m","title":{"rendered":"Mikina S\/M"},"content":{"rendered":"<p>Zvn\u00fatra po\u010desan\u00e1 batikovan\u00e1 mikinka\u00a0 d\u00e1mska ve\u013ekos\u0165 M, p\u00e1nska S. Materi\u00e1l: 100%bavlna<\/p>\n<p>&nbsp;<\/p>\n","protected":false},"excerpt":{"rendered":"<p><b>Ru\u010dn\u00e1 pr\u00e1ca, ka\u017ed\u00fd kus je origin\u00e1l, aj na objedn\u00e1vku\u00a0<\/b><\/p>\n","protected":false},"featured_media":3271,"comment_status":"closed","ping_status":"closed","template":"","meta":[],"_links":{"self":[{"href":"http:\/\/cajovnajasminka.sk\/index.php?rest_route=\/wp\/v2\/product\/3267"}],"collection":[{"href":"http:\/\/cajovnajasminka.sk\/index.php?rest_route=\/wp\/v2\/product"}],"about":[{"href":"http:\/\/cajovnajasminka.sk\/index.php?rest_route=\/wp\/v2\/types\/product"}],"replies":[{"embeddable":true,"href":"http:\/\/cajovnajasminka.sk\/index.php?rest_route=%2Fwp%2Fv2%2Fcomments&post=3267"}],"wp:featuredmedia":[{"embeddable":true,"href":"http:\/\/cajovnajasminka.sk\/index.php?rest_route=\/wp\/v2\/media\/3271"}],"wp:attachment":[{"href":"http:\/\/cajovnajasminka.sk\/index.php?rest_route=%2Fwp%2Fv2%2Fmedia&parent=3267"}],"curies":[{"name":"wp","href":"https:\/\/api.w.org\/{rel}","templated":true}]}}