{"id":3264,"date":"2022-03-09T16:51:23","date_gmt":"2022-03-09T15:51:23","guid":{"rendered":"http:\/\/cajovnajasminka.sk\/?post_type=product&#038;p=3264"},"modified":"2022-03-09T17:04:07","modified_gmt":"2022-03-09T16:04:07","slug":"mikinosaty-l","status":"publish","type":"product","link":"http:\/\/cajovnajasminka.sk\/?product=mikinosaty-l","title":{"rendered":"Mikino\u0161aty L a XL"},"content":{"rendered":"<p>D\u00e1mske mikino\u0161aty, \u0161it\u00e9 v na\u0161ej die\u013eni a s na\u0161im dizajnom s batikou na prednom, zadnom diely a kapucni. <strong>Materi\u00e1l:<\/strong> 100% bavlna. <strong>Rozmery:<\/strong> Obvod hrude 106cm, d\u013a\u017eka ruk\u00e1va od priekr\u010dn\u00edka k spodn\u00e9mu okraju ruk\u00e1va 68,5cm, Zadn\u00e1 d\u013a\u017eka mikino\u0161iat 94cm. Na z\u00e1kazku v\u00e1m vytvor\u00edme mikino\u0161aty vo va\u0161ej ve\u013ekosti.<\/p>\n<p>&nbsp;<\/p>\n","protected":false},"excerpt":{"rendered":"<p><b>Ru\u010dn\u00e1 pr\u00e1ca, ka\u017ed\u00fd kus je origin\u00e1l, aj na objedn\u00e1vku\u00a0<\/b><\/p>\n","protected":false},"featured_media":3265,"comment_status":"closed","ping_status":"closed","template":"","meta":[],"_links":{"self":[{"href":"http:\/\/cajovnajasminka.sk\/index.php?rest_route=\/wp\/v2\/product\/3264"}],"collection":[{"href":"http:\/\/cajovnajasminka.sk\/index.php?rest_route=\/wp\/v2\/product"}],"about":[{"href":"http:\/\/cajovnajasminka.sk\/index.php?rest_route=\/wp\/v2\/types\/product"}],"replies":[{"embeddable":true,"href":"http:\/\/cajovnajasminka.sk\/index.php?rest_route=%2Fwp%2Fv2%2Fcomments&post=3264"}],"wp:featuredmedia":[{"embeddable":true,"href":"http:\/\/cajovnajasminka.sk\/index.php?rest_route=\/wp\/v2\/media\/3265"}],"wp:attachment":[{"href":"http:\/\/cajovnajasminka.sk\/index.php?rest_route=%2Fwp%2Fv2%2Fmedia&parent=3264"}],"curies":[{"name":"wp","href":"https:\/\/api.w.org\/{rel}","templated":true}]}}