{"id":317,"date":"2017-05-02T22:09:19","date_gmt":"2017-05-02T20:09:19","guid":{"rendered":"http:\/\/cajovnajasminka.sk\/?product=alochaka-oci-a-zrakove-funkcie"},"modified":"2023-01-19T10:26:47","modified_gmt":"2023-01-19T09:26:47","slug":"alochaka-oci-a-zrakove-funkcie","status":"publish","type":"product","link":"http:\/\/cajovnajasminka.sk\/?product=alochaka-oci-a-zrakove-funkcie","title":{"rendered":"Alochaka-o\u010di a zrakov\u00e9 funkcie"},"content":{"rendered":"<p>Himal\u00e1jske byliny sa u\u017e po cel\u00e9 st\u00e1ro\u010dia pou\u017e\u00edvaj\u00fa k optimaliz\u00e1cii du\u0161evn\u00fdch a telesn\u00fdch funkci\u00ed organizmu. S\u00fa z\u00e1kladom tradi\u010dn\u00e9ho ajurv\u00e9dsk\u00e9ho lek\u00e1rstva, ktor\u00e9 ich pou\u017e\u00edva v mnoh\u00fdch najr\u00f4znej\u0161\u00edch kombin\u00e1ci\u00e1ch.<\/p>\n<p><strong>\u010caj\u00a0Alochaka priaznivo p\u00f4sob\u00ed na optimaliz\u00e1ciu zraku<br \/>\nProspieva zrakov\u00fdm funkci\u00e1m a osvie\u017euje o\u010dn\u00e9 svalstvo<br \/>\nPodporuje \u010dinnos\u0165 mozgov\u00fdch a pozn\u00e1vac\u00edch funkci\u00ed<br \/>\nPovzbudzuje pri \u00fanave a strate koncentr\u00e1cie<\/strong><\/p>\n<p><strong>Zlo\u017eenie :\u00a0<\/strong><\/p>\n<p>M\u00e4ta po\u013en\u00e1 (Mentha arvensis), z\u00e1zvorovn\u00edk lek\u00e1rsky &#8211; z\u00e1zvor (Zingiber origgicinalis), kurkumovn\u00edk dlh\u00fd (Curcuma longa), sladovka hladkoplod\u00e1 &#8211; sladk\u00e9 drievko (Glycyrrhiza glabra).<\/p>\n<p><strong>Hmotnos\u0165 :<\/strong>\u00a0100 g<\/p>\n","protected":false},"excerpt":{"rendered":"<p>Himal\u00e1jske byliny sa u\u017e po cel\u00e9 st\u00e1ro\u010dia pou\u017e\u00edvaj\u00fa k optimaliz\u00e1cii du\u0161evn\u00fdch a telesn\u00fdch funkci\u00ed organizmu. S\u00fa z\u00e1kladom tradi\u010dn\u00e9ho ajurv\u00e9dsk\u00e9ho lek\u00e1rstva, ktor\u00e9 ich pou\u017e\u00edva v mnoh\u00fdch najr\u00f4znej\u0161\u00edch kombin\u00e1ci\u00e1ch. \u010caj\u00a0Alochaka priaznivo p\u00f4sob\u00ed na optimaliz\u00e1ciu zraku Prospieva zrakov\u00fdm funkci\u00e1m a osvie\u017euje o\u010dn\u00e9 svalstvo Podporuje \u010dinnos\u0165 mozgov\u00fdch a pozn\u00e1vac\u00edch funkci\u00ed Povzbudzuje pri \u00fanave a strate koncentr\u00e1cie Zlo\u017eenie :\u00a0 M\u00e4ta<\/p>\n","protected":false},"featured_media":318,"comment_status":"open","ping_status":"closed","template":"","meta":[],"_links":{"self":[{"href":"http:\/\/cajovnajasminka.sk\/index.php?rest_route=\/wp\/v2\/product\/317"}],"collection":[{"href":"http:\/\/cajovnajasminka.sk\/index.php?rest_route=\/wp\/v2\/product"}],"about":[{"href":"http:\/\/cajovnajasminka.sk\/index.php?rest_route=\/wp\/v2\/types\/product"}],"replies":[{"embeddable":true,"href":"http:\/\/cajovnajasminka.sk\/index.php?rest_route=%2Fwp%2Fv2%2Fcomments&post=317"}],"wp:featuredmedia":[{"embeddable":true,"href":"http:\/\/cajovnajasminka.sk\/index.php?rest_route=\/wp\/v2\/media\/318"}],"wp:attachment":[{"href":"http:\/\/cajovnajasminka.sk\/index.php?rest_route=%2Fwp%2Fv2%2Fmedia&parent=317"}],"curies":[{"name":"wp","href":"https:\/\/api.w.org\/{rel}","templated":true}]}}