{"id":311,"date":"2017-05-02T21:55:36","date_gmt":"2017-05-02T19:55:36","guid":{"rendered":"http:\/\/cajovnajasminka.sk\/?product=rajani-koordinacia-a-cinnost-nervovej-sustavy"},"modified":"2023-01-19T10:28:04","modified_gmt":"2023-01-19T09:28:04","slug":"rajani-koordinacia-a-cinnost-nervovej-sustavy","status":"publish","type":"product","link":"http:\/\/cajovnajasminka.sk\/?product=rajani-koordinacia-a-cinnost-nervovej-sustavy","title":{"rendered":"Rajani-koordin\u00e1cia a \u010dinnos\u0165 nervovej s\u00fastavy"},"content":{"rendered":"<p>Himal\u00e1jske byliny sa u\u017e po cel\u00e9 st\u00e1ro\u010dia pou\u017e\u00edvaj\u00fa k optimaliz\u00e1cii du\u0161evn\u00fdch a telesn\u00fdch funkci\u00ed organizmu. S\u00fa z\u00e1kladom tradi\u010dn\u00e9ho ajurv\u00e9dsk\u00e9ho lek\u00e1rstva, ktor\u00e9 ich pou\u017e\u00edva v mnoh\u00fdch najr\u00f4znej\u0161\u00edch kombin\u00e1ci\u00e1ch.<\/p>\n<p><strong>\u010caj\u00a0Rajani pom\u00e1ha udr\u017eiava\u0165 ostra\u017eitos\u0165 nervov\u00e9ho syst\u00e9mu<br \/>\nUpokojuje myse\u013e a prispieva k psychickej relax\u00e1cii<br \/>\nPodporuje \u010dinnos\u0165 pozn\u00e1vac\u00edch, my\u0161lienkov\u00fdch a rozumov\u00fdch funkci\u00ed<br \/>\nPodporuje du\u0161evn\u00fa rovnov\u00e1hu<br \/>\nPrispieva k upokojeniu pri celkovej excit\u00e1cii organizmu<br \/>\nPriaznivo p\u00f4sob\u00ed na relax\u00e1ciu nervovej s\u00fastavy a svalov\u00e9ho tkaniva<\/strong><\/p>\n<p><strong>Zlo\u017eenie :\u00a0<\/strong><\/p>\n<p>Chebula srd\u010dit\u00e1 \u2013 Guduchi (Tinospora cordifolia), pupo\u010dn\u00edk \u00e1zijsk\u00fd &#8211; GotuKola (Centella asiatica), vit\u00e1nia spav\u00e1 &#8211; A\u0161vagandha (Withania somnifera), nardovn\u00edk jatamansk\u00fd (Nardostachys jatamansi), z\u00e1zvorovn\u00edk lek\u00e1rsky &#8211; z\u00e1zvor (Zingiber origgicinalis), kurkumovn\u00edk dlh\u00fd (Curcuma longa), sladovka hladkoplod\u00e1 &#8211; sladk\u00e9 drievko (Glycyrrhiza glabra), c\u00e9der himal\u00e1jsky (Cedrus deodara), Punanrnava (Boerhaavia diffusa)<\/p>\n<p><strong>Hmotnos\u0165 :<\/strong>\u00a0100 g<\/p>\n","protected":false},"excerpt":{"rendered":"<p>Himal\u00e1jske byliny sa u\u017e po cel\u00e9 st\u00e1ro\u010dia pou\u017e\u00edvaj\u00fa k optimaliz\u00e1cii du\u0161evn\u00fdch a telesn\u00fdch funkci\u00ed organizmu. S\u00fa z\u00e1kladom tradi\u010dn\u00e9ho ajurv\u00e9dsk\u00e9ho lek\u00e1rstva, ktor\u00e9 ich pou\u017e\u00edva v mnoh\u00fdch najr\u00f4znej\u0161\u00edch kombin\u00e1ci\u00e1ch. \u010caj\u00a0Rajani pom\u00e1ha udr\u017eiava\u0165 ostra\u017eitos\u0165 nervov\u00e9ho syst\u00e9mu Upokojuje myse\u013e a prispieva k psychickej relax\u00e1cii Podporuje \u010dinnos\u0165 pozn\u00e1vac\u00edch, my\u0161lienkov\u00fdch a rozumov\u00fdch funkci\u00ed Podporuje du\u0161evn\u00fa rovnov\u00e1hu Prispieva k upokojeniu pri celkovej<\/p>\n","protected":false},"featured_media":312,"comment_status":"open","ping_status":"closed","template":"","meta":[],"_links":{"self":[{"href":"http:\/\/cajovnajasminka.sk\/index.php?rest_route=\/wp\/v2\/product\/311"}],"collection":[{"href":"http:\/\/cajovnajasminka.sk\/index.php?rest_route=\/wp\/v2\/product"}],"about":[{"href":"http:\/\/cajovnajasminka.sk\/index.php?rest_route=\/wp\/v2\/types\/product"}],"replies":[{"embeddable":true,"href":"http:\/\/cajovnajasminka.sk\/index.php?rest_route=%2Fwp%2Fv2%2Fcomments&post=311"}],"wp:featuredmedia":[{"embeddable":true,"href":"http:\/\/cajovnajasminka.sk\/index.php?rest_route=\/wp\/v2\/media\/312"}],"wp:attachment":[{"href":"http:\/\/cajovnajasminka.sk\/index.php?rest_route=%2Fwp%2Fv2%2Fmedia&parent=311"}],"curies":[{"name":"wp","href":"https:\/\/api.w.org\/{rel}","templated":true}]}}