{"id":3101,"date":"2020-11-10T18:16:55","date_gmt":"2020-11-10T17:16:55","guid":{"rendered":"http:\/\/cajovnajasminka.sk\/?post_type=product&#038;p=3101"},"modified":"2020-11-11T11:14:00","modified_gmt":"2020-11-11T10:14:00","slug":"z-iluze-do-skutecnosti-marcelka-z-hor","status":"publish","type":"product","link":"http:\/\/cajovnajasminka.sk\/?product=z-iluze-do-skutecnosti-marcelka-z-hor","title":{"rendered":"Z iluze do skute\u010dnosti &#8211; Marcelka z hor"},"content":{"rendered":"<p>Po tril\u00f3gi\u00ed Marcelka z h\u00f4r, ktor\u00fa sp\u00edsala, na z\u00e1klade inform\u00e1ci\u00ed od Marcelkay V\u011bra Keilov\u00e1, k n\u00e1m dorazili knihy p\u00edsan\u00e9 len rukou Marcelky.\u00a0\u00a0PROMLUVY NIKOHO pretkan\u00e9 pr\u00edbehy priate\u013eov Marcelky a Romka, teraz aj jej vo\u013en\u00e9 pokra\u010dovanie Z ILUZE DO SKUTE\u010cNOSTI. V prvej \u010dasti tejto knihy n\u00e1jdete v kapitol\u00e1ch k jednotliv\u00fdm t\u00e9mam pr\u00edklady, rozhovory a pr\u00edbehy. V druhej \u010dasti potom rozhovory r\u00f4znych chut\u00ed, ktor\u00e9 maj\u00fa jedno spolo\u010dn\u00e9. Nas\u00fdtia myse\u013e a ut\u00ed\u0161ia ju.<\/p>\n<table class=\"bookDetails\" style=\"font-family: Lato, sans-serif; font-size: 15px; font-weight: 300;\">\n<tbody>\n<tr>\n<th>po\u010det str\u00e1n:<\/th>\n<td><span class=\"data\">240<\/span><\/td>\n<\/tr>\n<tr>\n<th>jazyk:<\/th>\n<td><span class=\"data\">\u010desk\u00fd<\/span><\/td>\n<\/tr>\n<tr>\n<th>v\u00e4zba:<\/th>\n<td><span class=\"data\">tvrd\u00e1<\/span><\/td>\n<\/tr>\n<tr>\n<th>form\u00e1t:<\/th>\n<td><span class=\"data\">130&#215;185<\/span><\/td>\n<\/tr>\n<\/tbody>\n<\/table>\n<p>&nbsp;<\/p>\n","protected":false},"excerpt":{"rendered":"<p>Po tril\u00f3gi\u00ed Marcelka z h\u00f4r, ktor\u00fa sp\u00edsala, na z\u00e1klade inform\u00e1ci\u00ed od Marcelkay V\u011bra Keilov\u00e1, k n\u00e1m dorazili knihy p\u00edsan\u00e9 len rukou Marcelky.\u00a0\u00a0PROMLUVY NIKOHO pretkan\u00e9 pr\u00edbehy priate\u013eov Marcelky a Romka, teraz aj jej vo\u013en\u00e9 pokra\u010dovanie Z ILUZE DO SKUTE\u010cNOSTI. V prvej \u010dasti tejto knihy n\u00e1jdete v kapitol\u00e1ch k jednotliv\u00fdm t\u00e9mam pr\u00edklady, rozhovory a pr\u00edbehy. V druhej<\/p>\n","protected":false},"featured_media":3102,"comment_status":"closed","ping_status":"closed","template":"","meta":[],"_links":{"self":[{"href":"http:\/\/cajovnajasminka.sk\/index.php?rest_route=\/wp\/v2\/product\/3101"}],"collection":[{"href":"http:\/\/cajovnajasminka.sk\/index.php?rest_route=\/wp\/v2\/product"}],"about":[{"href":"http:\/\/cajovnajasminka.sk\/index.php?rest_route=\/wp\/v2\/types\/product"}],"replies":[{"embeddable":true,"href":"http:\/\/cajovnajasminka.sk\/index.php?rest_route=%2Fwp%2Fv2%2Fcomments&post=3101"}],"wp:featuredmedia":[{"embeddable":true,"href":"http:\/\/cajovnajasminka.sk\/index.php?rest_route=\/wp\/v2\/media\/3102"}],"wp:attachment":[{"href":"http:\/\/cajovnajasminka.sk\/index.php?rest_route=%2Fwp%2Fv2%2Fmedia&parent=3101"}],"curies":[{"name":"wp","href":"https:\/\/api.w.org\/{rel}","templated":true}]}}