{"id":3001,"date":"2020-04-25T22:10:12","date_gmt":"2020-04-25T20:10:12","guid":{"rendered":"http:\/\/cajovnajasminka.sk\/?post_type=product&#038;p=3001"},"modified":"2020-04-25T22:11:51","modified_gmt":"2020-04-25T20:11:51","slug":"jazmin-kvet","status":"publish","type":"product","link":"http:\/\/cajovnajasminka.sk\/?product=jazmin-kvet","title":{"rendered":"Jazm\u00edn (kvet)"},"content":{"rendered":"<p><strong>Samostatn\u00e9 kvety jazm\u00ednu maj\u00fa uk\u013eud\u0148uj\u00face a uvo\u013e\u0148uj\u00face \u00fa\u010dinky, p\u00f4sobia proti k\u0155\u010dom, proti nervov\u00e9mu vyp\u00e4tiu, odb\u00faravaj\u00fa stres, p\u00f4sobia antidepres\u00edvne a navodzuj\u00fa pocity spokojnosti, optimizmu a\u017e euf\u00f3ri\u00ed. Obnovuj\u00fa v tele rovnov\u00e1hu energi\u00ed a p\u00f4sobia na celkov\u00fa revitaliz\u00e1ciu organizmu<\/strong><\/p>\n<p><strong>Pr\u00edprava :<\/strong> 1-2 \u010dajov\u00e9 ly\u017ei\u010dky\u00a0\u010daju zalejeme 3 dl vriacej\u00a0vody, nech\u00e1me 5-10 min\u00fat l\u00fahova\u0165, po preceden\u00ed pod\u00e1vame. Odpor\u00fa\u010da sa pi\u0165\u00a02-3x denne<\/p>\n<p><strong>Zlo\u017eenie :<\/strong> Jazm\u00edn (kvet)<\/p>\n<p>Skladujte na suchom, temnom mieste<\/p>\n<p><strong>Obsah balenia : 25g<\/strong><\/p>\n","protected":false},"excerpt":{"rendered":"<p><strong>Obsah balenia : 25g<\/strong><\/p>\n","protected":false},"featured_media":3002,"comment_status":"open","ping_status":"closed","template":"","meta":[],"_links":{"self":[{"href":"http:\/\/cajovnajasminka.sk\/index.php?rest_route=\/wp\/v2\/product\/3001"}],"collection":[{"href":"http:\/\/cajovnajasminka.sk\/index.php?rest_route=\/wp\/v2\/product"}],"about":[{"href":"http:\/\/cajovnajasminka.sk\/index.php?rest_route=\/wp\/v2\/types\/product"}],"replies":[{"embeddable":true,"href":"http:\/\/cajovnajasminka.sk\/index.php?rest_route=%2Fwp%2Fv2%2Fcomments&post=3001"}],"wp:featuredmedia":[{"embeddable":true,"href":"http:\/\/cajovnajasminka.sk\/index.php?rest_route=\/wp\/v2\/media\/3002"}],"wp:attachment":[{"href":"http:\/\/cajovnajasminka.sk\/index.php?rest_route=%2Fwp%2Fv2%2Fmedia&parent=3001"}],"curies":[{"name":"wp","href":"https:\/\/api.w.org\/{rel}","templated":true}]}}