{"id":2992,"date":"2020-04-25T21:38:35","date_gmt":"2020-04-25T19:38:35","guid":{"rendered":"http:\/\/cajovnajasminka.sk\/?post_type=product&#038;p=2992"},"modified":"2020-04-25T21:55:54","modified_gmt":"2020-04-25T19:55:54","slug":"pre-buduce-matky-bylinny-caj","status":"publish","type":"product","link":"http:\/\/cajovnajasminka.sk\/?product=pre-buduce-matky-bylinny-caj","title":{"rendered":"Pre bud\u00face matky &#8211; bylinn\u00fd \u010daj"},"content":{"rendered":"<p>Harmonick\u00e1 \u010dajov\u00e1 zmes odor\u00fa\u010dan\u00e1 v tradi\u010dnej \u013eudovej medic\u00ede po\u010das tehotenstva. Posil\u0148uje maternicu a spr\u00e1vnu \u010dinnos\u0165 \u017eensk\u00fdch horm\u00f3nov. Pom\u00e1ha okrem toho aj pri nechutenstve, nad\u00favan\u00ed, p\u00e1len\u00ed z\u00e1hy a in\u00fdch tr\u00edviacich \u0165a\u017ekostiach<\/p>\n<p><strong>Pr\u00edprava :<\/strong> 1-2 \u010dajov\u00e9 ly\u017ei\u010dky\u00a0\u010daju zalejeme 3 dl vriacej\u00a0vody, nech\u00e1me 5-10 min\u00fat l\u00fahova\u0165, po preceden\u00ed pod\u00e1vame. Odpor\u00fa\u010da sa pi\u0165\u00a02-3x denne<\/p>\n<p><strong>Zlo\u017eenie :<\/strong> \u017eih\u013eava, medovka, m\u00e4ta, citr\u00f3nov\u00e1 tr\u00e1va, list ostru\u017einy, alchemilka, rebr\u00ed\u010dek<\/p>\n<p>Skladujte na suchom, temnom mieste<\/p>\n<p><strong>Obsah balenia : 50g<\/strong><\/p>\n","protected":false},"excerpt":{"rendered":"<p><strong>Obsah balenia : 50g<\/strong><\/p>\n","protected":false},"featured_media":2994,"comment_status":"open","ping_status":"closed","template":"","meta":[],"_links":{"self":[{"href":"http:\/\/cajovnajasminka.sk\/index.php?rest_route=\/wp\/v2\/product\/2992"}],"collection":[{"href":"http:\/\/cajovnajasminka.sk\/index.php?rest_route=\/wp\/v2\/product"}],"about":[{"href":"http:\/\/cajovnajasminka.sk\/index.php?rest_route=\/wp\/v2\/types\/product"}],"replies":[{"embeddable":true,"href":"http:\/\/cajovnajasminka.sk\/index.php?rest_route=%2Fwp%2Fv2%2Fcomments&post=2992"}],"wp:featuredmedia":[{"embeddable":true,"href":"http:\/\/cajovnajasminka.sk\/index.php?rest_route=\/wp\/v2\/media\/2994"}],"wp:attachment":[{"href":"http:\/\/cajovnajasminka.sk\/index.php?rest_route=%2Fwp%2Fv2%2Fmedia&parent=2992"}],"curies":[{"name":"wp","href":"https:\/\/api.w.org\/{rel}","templated":true}]}}