{"id":2986,"date":"2020-04-25T20:41:36","date_gmt":"2020-04-25T18:41:36","guid":{"rendered":"http:\/\/cajovnajasminka.sk\/?post_type=product&#038;p=2986"},"modified":"2020-04-25T21:34:17","modified_gmt":"2020-04-25T19:34:17","slug":"cucoriedka-ovocny-caj","status":"publish","type":"product","link":"http:\/\/cajovnajasminka.sk\/?product=cucoriedka-ovocny-caj","title":{"rendered":"\u010cu\u010doriedka &#8211; ovocn\u00fd \u010daj"},"content":{"rendered":"<p>Ovocn\u00e1 zmes s chu\u0165ou lesn\u00fdch plodov, jahod a \u010du\u010doriedok vytv\u00e1ra jedine\u010dn\u00e9 \u010du\u010doriedkov\u00e9 chute a v\u00f4ne v ka\u017edej \u0161\u00e1lke<\/p>\n<p><strong>Pr\u00edprava :<\/strong> 2 \u010dajov\u00e9\u00a0ly\u017ei\u010dky\u00a0zalejeme 2,5 dl vriacej vody, nech\u00e1me 8-10\u00a0min\u00fat\u00a0l\u00fahova\u0165, po preceden\u00ed pod\u00e1vame<\/p>\n<p><strong>Zlo\u017eenie :<\/strong>\u00a0 jablko, hrozienka, \u0161\u00edpky, \u010derven\u00e1 repa, jahoda, \u010du\u010doriedka (min. 5%), ar\u00f3ma<\/p>\n<p>Skladujte na suchom, temnom mieste<\/p>\n<p><strong>Obsah balenia : 50g<\/strong><\/p>\n","protected":false},"excerpt":{"rendered":"<p><strong>Obsah balenia : 50g<\/strong><\/p>\n","protected":false},"featured_media":2988,"comment_status":"open","ping_status":"closed","template":"","meta":[],"_links":{"self":[{"href":"http:\/\/cajovnajasminka.sk\/index.php?rest_route=\/wp\/v2\/product\/2986"}],"collection":[{"href":"http:\/\/cajovnajasminka.sk\/index.php?rest_route=\/wp\/v2\/product"}],"about":[{"href":"http:\/\/cajovnajasminka.sk\/index.php?rest_route=\/wp\/v2\/types\/product"}],"replies":[{"embeddable":true,"href":"http:\/\/cajovnajasminka.sk\/index.php?rest_route=%2Fwp%2Fv2%2Fcomments&post=2986"}],"wp:featuredmedia":[{"embeddable":true,"href":"http:\/\/cajovnajasminka.sk\/index.php?rest_route=\/wp\/v2\/media\/2988"}],"wp:attachment":[{"href":"http:\/\/cajovnajasminka.sk\/index.php?rest_route=%2Fwp%2Fv2%2Fmedia&parent=2986"}],"curies":[{"name":"wp","href":"https:\/\/api.w.org\/{rel}","templated":true}]}}