{"id":2981,"date":"2020-04-25T20:28:53","date_gmt":"2020-04-25T18:28:53","guid":{"rendered":"http:\/\/cajovnajasminka.sk\/?post_type=product&#038;p=2981"},"modified":"2020-04-25T20:30:51","modified_gmt":"2020-04-25T18:30:51","slug":"zimna-rozpravka-ovocny-caj","status":"publish","type":"product","link":"http:\/\/cajovnajasminka.sk\/?product=zimna-rozpravka-ovocny-caj","title":{"rendered":"Zimn\u00e1 rozpr\u00e1vka &#8211; ovocn\u00fd \u010daj"},"content":{"rendered":"<p>Pri pit\u00ed tejto\u00a0aromatizovanej ovocnej zmesi sa budete c\u00edti\u0165 ako v rozpr\u00e1vke<\/p>\n<p><strong>Pr\u00edprava :<\/strong> 2 \u010dajov\u00e9\u00a0ly\u017ei\u010dky\u00a0zalejeme 2,5 dl vriacej vody, nech\u00e1me 8-10\u00a0min\u00fat\u00a0l\u00fahova\u0165, po preceden\u00ed pod\u00e1vame<\/p>\n<p><strong>Zlo\u017eenie :<\/strong>\u00a0 pomaran\u010dov\u00e1 k\u00f4ra, \u0161korica, jablko, kardam\u00f3n, \u0161\u00edpky, kvety ru\u017ee a slamihy pieso\u010dnej, ibi\u0161tek,\u00a0mandle (alerg\u00e9n), klin\u010deky, ar\u00f3ma<\/p>\n<p>Skladujte na suchom, temnom mieste<\/p>\n<p><strong>Obsah balenia : 50g<\/strong><\/p>\n","protected":false},"excerpt":{"rendered":"<p><strong>Obsah balenia : 50g<\/strong><\/p>\n","protected":false},"featured_media":2983,"comment_status":"open","ping_status":"closed","template":"","meta":[],"_links":{"self":[{"href":"http:\/\/cajovnajasminka.sk\/index.php?rest_route=\/wp\/v2\/product\/2981"}],"collection":[{"href":"http:\/\/cajovnajasminka.sk\/index.php?rest_route=\/wp\/v2\/product"}],"about":[{"href":"http:\/\/cajovnajasminka.sk\/index.php?rest_route=\/wp\/v2\/types\/product"}],"replies":[{"embeddable":true,"href":"http:\/\/cajovnajasminka.sk\/index.php?rest_route=%2Fwp%2Fv2%2Fcomments&post=2981"}],"wp:featuredmedia":[{"embeddable":true,"href":"http:\/\/cajovnajasminka.sk\/index.php?rest_route=\/wp\/v2\/media\/2983"}],"wp:attachment":[{"href":"http:\/\/cajovnajasminka.sk\/index.php?rest_route=%2Fwp%2Fv2%2Fmedia&parent=2981"}],"curies":[{"name":"wp","href":"https:\/\/api.w.org\/{rel}","templated":true}]}}