{"id":295,"date":"2017-05-02T20:31:08","date_gmt":"2017-05-02T18:31:08","guid":{"rendered":"http:\/\/cajovnajasminka.sk\/?product=gokshura-uvolnenie-chrbtoveho-svalstva"},"modified":"2023-01-19T10:58:56","modified_gmt":"2023-01-19T09:58:56","slug":"gokshura-uvolnenie-chrbtoveho-svalstva","status":"publish","type":"product","link":"http:\/\/cajovnajasminka.sk\/?product=gokshura-uvolnenie-chrbtoveho-svalstva","title":{"rendered":"Gokshura-uvo\u013enenie chrbtov\u00e9ho svalstva"},"content":{"rendered":"<p>Himal\u00e1jske byliny sa u\u017e po cel\u00e9 st\u00e1ro\u010dia pou\u017e\u00edvaj\u00fa k optimaliz\u00e1cii du\u0161evn\u00fdch a telesn\u00fdch funkci\u00ed organizmu. S\u00fa z\u00e1kladom tradi\u010dn\u00e9ho ajurv\u00e9dsk\u00e9ho lek\u00e1rstva, ktor\u00e9 ich pou\u017e\u00edva v mnoh\u00fdch najr\u00f4znej\u0161\u00edch kombin\u00e1ci\u00e1ch.<\/p>\n<p><strong>\u010caj Gokshura pom\u00e1ha uvo\u013e\u0148ova\u0165 svalov\u00e9 nap\u00e4tie a stuhnutos\u0165<br \/>\nPrispieva k celkovej relax\u00e1cii pohybov\u00e9ho apar\u00e1tu<br \/>\nPriaznivo p\u00f4sob\u00ed na hybnos\u0165 chrbtov\u00e9ho svalstva<br \/>\nPrispieva k optim\u00e1lnej telesnej i du\u0161evnej kond\u00edcii<br \/>\nPosil\u0148uje energiu a vitalitu organizmu<br \/>\nP\u00f4sob\u00ed priaznivo na uvo\u013enenie stresu a svalov\u00e9ho nap\u00e4tia<br \/>\n<\/strong><\/p>\n<p><strong>Zlo\u017eenie :\u00a0<\/strong><\/p>\n<p>Oman prav\u00fd (Inula helenium), chebula srd\u010dit\u00e1 \u2013 Guduchi (Tinospora cordifolia), Punanrnava (Boerhaavia diffusa), z\u00e1zvorovn\u00edk lek\u00e1rsky &#8211; z\u00e1zvor (Zingiber origgicinalis), kotvi\u010dn\u00edk zemn\u00fd (Tribulus terrestris), vit\u00e1nia spav\u00e1 &#8211; A\u0161vagandha (Withania somnifera).<\/p>\n<p><strong>Hmotnos\u0165 :<\/strong>\u00a0100 g<\/p>\n","protected":false},"excerpt":{"rendered":"<p>Himal\u00e1jske byliny sa u\u017e po cel\u00e9 st\u00e1ro\u010dia pou\u017e\u00edvaj\u00fa k optimaliz\u00e1cii du\u0161evn\u00fdch a telesn\u00fdch funkci\u00ed organizmu. S\u00fa z\u00e1kladom tradi\u010dn\u00e9ho ajurv\u00e9dsk\u00e9ho lek\u00e1rstva, ktor\u00e9 ich pou\u017e\u00edva v mnoh\u00fdch najr\u00f4znej\u0161\u00edch kombin\u00e1ci\u00e1ch. \u010caj Gokshura pom\u00e1ha uvo\u013e\u0148ova\u0165 svalov\u00e9 nap\u00e4tie a stuhnutos\u0165 Prispieva k celkovej relax\u00e1cii pohybov\u00e9ho apar\u00e1tu Priaznivo p\u00f4sob\u00ed na hybnos\u0165 chrbtov\u00e9ho svalstva Prispieva k optim\u00e1lnej telesnej i du\u0161evnej kond\u00edcii Posil\u0148uje<\/p>\n","protected":false},"featured_media":296,"comment_status":"open","ping_status":"closed","template":"","meta":[],"_links":{"self":[{"href":"http:\/\/cajovnajasminka.sk\/index.php?rest_route=\/wp\/v2\/product\/295"}],"collection":[{"href":"http:\/\/cajovnajasminka.sk\/index.php?rest_route=\/wp\/v2\/product"}],"about":[{"href":"http:\/\/cajovnajasminka.sk\/index.php?rest_route=\/wp\/v2\/types\/product"}],"replies":[{"embeddable":true,"href":"http:\/\/cajovnajasminka.sk\/index.php?rest_route=%2Fwp%2Fv2%2Fcomments&post=295"}],"wp:featuredmedia":[{"embeddable":true,"href":"http:\/\/cajovnajasminka.sk\/index.php?rest_route=\/wp\/v2\/media\/296"}],"wp:attachment":[{"href":"http:\/\/cajovnajasminka.sk\/index.php?rest_route=%2Fwp%2Fv2%2Fmedia&parent=295"}],"curies":[{"name":"wp","href":"https:\/\/api.w.org\/{rel}","templated":true}]}}