{"id":2908,"date":"2020-04-20T22:41:49","date_gmt":"2020-04-20T20:41:49","guid":{"rendered":"http:\/\/cajovnajasminka.sk\/?post_type=product&#038;p=2908"},"modified":"2020-04-20T22:44:57","modified_gmt":"2020-04-20T20:44:57","slug":"rooibos-cerveny","status":"publish","type":"product","link":"http:\/\/cajovnajasminka.sk\/?product=rooibos-cerveny","title":{"rendered":"Rooibos \u010derven\u00fd"},"content":{"rendered":"<article class=\"product boxRow\">\n<div class=\"detailLong clear\">\n<div class=\"userHTMLContent productDescritionLong\">\n<p><strong>Africk\u00fd lie\u010div\u00fd bylinn\u00fd \u010daj<\/strong><\/p>\n<p><strong>Pr\u00edprava:<\/strong>vodu nech\u00e1me kr\u00e1tko zovrie\u0165.\u00a05 g \u010dajoviny\u00a0(cca 1,5 \u2013 2 \u010dajov\u00e9 ly\u017ei\u010dky) zalejeme\u00a0hor\u00facou vodou 95-100\u00b0C\u00a0o objeme\u00a02,5 \u2013 3,5 Dl\u00a0a nech\u00e1me l\u00fahova\u0165\u00a05-8 min\u00fat. N\u00e1lev zlejeme a pijeme \u010derstv\u00fd a tepl\u00fd.<br \/>\nOdpor\u00fa\u010dame \u010daj pi\u0165 raz denne dopoludnia, ale je pr\u00edjemn\u00e9 pi\u0165 tento \u010daj aj na ve\u010der, preto\u017ee neobsahuje te\u00edn a dobre sa po \u0148om zasp\u00e1va. V\u00fdborn\u00fd s mliekom.<\/p>\n<\/div>\n<\/div>\n<\/article>\n<p><strong> balenia :\u00a0<\/strong>vyberte mno\u017estvo<\/p>\n","protected":false},"excerpt":{"rendered":"<p><strong>Cena je uveden\u00e1 za 50 g \u010daju\u00a0<\/strong><\/p>\n<p><strong>Africk\u00fd lie\u010div\u00fd bylinn\u00fd \u010daj<\/strong><\/p>\n<p>&nbsp;<\/p>\n","protected":false},"featured_media":2913,"comment_status":"open","ping_status":"closed","template":"","meta":[],"_links":{"self":[{"href":"http:\/\/cajovnajasminka.sk\/index.php?rest_route=\/wp\/v2\/product\/2908"}],"collection":[{"href":"http:\/\/cajovnajasminka.sk\/index.php?rest_route=\/wp\/v2\/product"}],"about":[{"href":"http:\/\/cajovnajasminka.sk\/index.php?rest_route=\/wp\/v2\/types\/product"}],"replies":[{"embeddable":true,"href":"http:\/\/cajovnajasminka.sk\/index.php?rest_route=%2Fwp%2Fv2%2Fcomments&post=2908"}],"wp:featuredmedia":[{"embeddable":true,"href":"http:\/\/cajovnajasminka.sk\/index.php?rest_route=\/wp\/v2\/media\/2913"}],"wp:attachment":[{"href":"http:\/\/cajovnajasminka.sk\/index.php?rest_route=%2Fwp%2Fv2%2Fmedia&parent=2908"}],"curies":[{"name":"wp","href":"https:\/\/api.w.org\/{rel}","templated":true}]}}