{"id":2891,"date":"2020-04-20T21:47:49","date_gmt":"2020-04-20T19:47:49","guid":{"rendered":"http:\/\/cajovnajasminka.sk\/?post_type=product&#038;p=2891"},"modified":"2020-04-20T21:57:15","modified_gmt":"2020-04-20T19:57:15","slug":"citronova-trava-lemongrass","status":"publish","type":"product","link":"http:\/\/cajovnajasminka.sk\/?product=citronova-trava-lemongrass","title":{"rendered":"Citr\u00f3nov\u00e1 tr\u00e1va &#8211; Lemongrass"},"content":{"rendered":"<article class=\"product boxRow\">\n<div class=\"detailLong clear\">\n<div class=\"userHTMLContent productDescritionLong\">\n<p><strong>Lemongrass &#8211; Citr\u00f3nov\u00e1 tr\u00e1va (V\u00f4\u0148ovec citr\u00f3nov\u00fd), sypan\u00fd bylinn\u00fd \u010daj<\/strong><\/p>\n<p>List tzv. citr\u00f3novej tr\u00e1vy (Cymbopogon citratus). Osvie\u017euj\u00faci n\u00e1poj bez kofe\u00ednu s v\u00fdraznou citr\u00f3novou ar\u00f3mou. Podporuje schopnos\u0165 koncentr\u00e1cie a myslenia, m\u00e1 priazniv\u00fd vplyv na tr\u00e1venie, stres a psychick\u00e9 nap\u00e4tie. Podporuje \u010dinnos\u0165 srdca, je v\u00fdborn\u00fd ako podporn\u00fd prostriedok pri lie\u010dbe chr\u00edpky, \u017eal\u00fado\u010dn\u00fdch a nervov\u00fdch ochoreniach.\u00a0V\u00fdskum tie\u017e ukazuje, \u017ee citr\u00f3nov\u00e1 tr\u00e1va m\u00e1 anti-hubov\u00e9 vlastnosti, p\u00f4sob\u00ed proti plesniam v organizme.<\/p>\n<p><b>V\u00fdskyt:<\/b>\u00a0Citr\u00f3nov\u00e1 tr\u00e1va je p\u00f4vodom z Indie. Pozn\u00e1me pribli\u017ene 55 druhov tr\u00e1v, je udom\u00e1cnen\u00e1 v miernych a tepl\u00fdch tropick\u00fdch oblastiach Star\u00e9ho sveta a Oce\u00e1nie. Je to vysok\u00e1, vytrval\u00e1 tr\u00e1va.<\/p>\n<p><b>Uplatnenie:<\/b>\u00a0Najpou\u017e\u00edvanej\u0161ia je ako bylina v \u00e1zijskej kuchyni. M\u00e1 citrusov\u00fa chu\u0165 a aplikuje sa su\u0161en\u00e1 v pr\u00e1\u0161ku alebo \u010derstv\u00e1 bylina. Citr\u00f3nov\u00e1 tr\u00e1va sa be\u017ene pou\u017e\u00edva v \u010dajoch, polievkach a kari. Je tie\u017e vhodn\u00e1 na hydinu, ryby a morsk\u00e9 plody. \u010casto sa pou\u017e\u00edva ako \u010daj v africk\u00fdch a latinskoamerick\u00fdch kraj\u00edn\u00e1ch (napr\u00edklad Togo, Mexiko). V\u00fdskum tie\u017e ukazuje, \u017ee citr\u00f3nov\u00e1 tr\u00e1va m\u00e1 anti &#8211; hubov\u00e9 vlastnosti. Citronelov\u00e1 tr\u00e1va (Cymbopogon) rastie do 2 m v\u00fd\u0161ky a m\u00e1 \u010derven\u00fa z\u00e1klad\u0148u stonky a tieto druhy sa pou\u017e\u00edvaj\u00fa na v\u00fdrobu citronelov\u00e9ho oleja, ktor\u00fd je pou\u017eit\u00fd v mydl\u00e1ch, do repelentov proti hmyzu, v svie\u010dkach a tie\u017e v aromaterapii, ktor\u00e1 je zn\u00e1ma v Indon\u00e9zii. Hlavn\u00e9 chemick\u00e9 zlo\u017eky citronely Geraniol a Citronellol s\u00fa antiseptick\u00e9, preto je ich vyu\u017eitie v dom\u00e1cnosti na dezinfek\u010dn\u00e9 prostriedky. Tr\u00e1va sa pou\u017e\u00edva aj na kulin\u00e1rske \u00fa\u010dely, do \u010dajov a ako pr\u00edchu\u0165. M\u00e1 lie\u010div\u00e9 vlastnosti a pou\u017e\u00edva sa v prastar\u00fdch indick\u00fdch Ajurv\u00e9dskych liekoch.<\/p>\n<p><b>Zauj\u00edmavos\u0165:<\/b>\u00a0V\u00fd\u0165azok z citronely sa pou\u017e\u00edva ako ochrann\u00fd prostriedok v m\u00faze\u00e1ch na starovek\u00e9 dokumenty (udr\u017eiava ich such\u00e9 a vl\u00e1\u010dne).<\/p>\n<p><b>Pr\u00edprava:<\/b>\u00a01 \u010dajov\u00fa ly\u017ei\u010dku na 1 \u0161\u00e1lku zalejte vriacou vodou, vyl\u00fahujte 4-6 min.<\/p>\n<\/div>\n<\/div>\n<\/article>\n<p><strong>Krajina p\u00f4vodu:\u00a0<\/strong>EU<\/p>\n<p><strong>Obsah balenia :\u00a0<\/strong>vyberte mno\u017estvo<\/p>\n","protected":false},"excerpt":{"rendered":"<p><strong>Cena je uveden\u00e1 za 50 g \u010daju\u00a0<\/strong><\/p>\n<p><strong>Lemongrass, citr\u00f3nov\u00e1 tr\u00e1va &#8211; pr\u00edjemn\u00e1 aromatick\u00e1 bylina<\/strong><\/p>\n<p>&nbsp;<\/p>\n","protected":false},"featured_media":2896,"comment_status":"open","ping_status":"closed","template":"","meta":[],"_links":{"self":[{"href":"http:\/\/cajovnajasminka.sk\/index.php?rest_route=\/wp\/v2\/product\/2891"}],"collection":[{"href":"http:\/\/cajovnajasminka.sk\/index.php?rest_route=\/wp\/v2\/product"}],"about":[{"href":"http:\/\/cajovnajasminka.sk\/index.php?rest_route=\/wp\/v2\/types\/product"}],"replies":[{"embeddable":true,"href":"http:\/\/cajovnajasminka.sk\/index.php?rest_route=%2Fwp%2Fv2%2Fcomments&post=2891"}],"wp:featuredmedia":[{"embeddable":true,"href":"http:\/\/cajovnajasminka.sk\/index.php?rest_route=\/wp\/v2\/media\/2896"}],"wp:attachment":[{"href":"http:\/\/cajovnajasminka.sk\/index.php?rest_route=%2Fwp%2Fv2%2Fmedia&parent=2891"}],"curies":[{"name":"wp","href":"https:\/\/api.w.org\/{rel}","templated":true}]}}