{"id":2885,"date":"2020-04-20T21:36:56","date_gmt":"2020-04-20T19:36:56","guid":{"rendered":"http:\/\/cajovnajasminka.sk\/?post_type=product&#038;p=2885"},"modified":"2020-04-20T21:44:35","modified_gmt":"2020-04-20T19:44:35","slug":"kvety-chryzantem","status":"publish","type":"product","link":"http:\/\/cajovnajasminka.sk\/?product=kvety-chryzantem","title":{"rendered":"Kvety Chryzant\u00e9m"},"content":{"rendered":"<article class=\"product boxRow\">\n<div class=\"detailLong clear\">\n<div class=\"userHTMLContent productDescritionLong\">\n<p class=\"newsContentShort\"><strong>Chryzant\u00e9my<\/strong> sa v klasickej \u010d\u00ednskej medic\u00edne vyu\u017e\u00edvaj\u00fa u\u017e dobr\u00fdch dvetis\u00edc rokov. Prv\u00fd raz bola t\u00e1to kr\u00e1sna kvetina pop\u00edsan\u00e1 v sl\u00e1vnom medic\u00ednskom k\u00e1none cis\u00e1ra \u0160en-nunga asi 100 rokov pred na\u0161\u00edm letopo\u010dtom. U\u017e v t\u00fdch dob\u00e1ch sa jej pripisovali unik\u00e1tne lie\u010div\u00e9 vlastnosti, hovorilo sa najm\u00e4 o predl\u017eovan\u00ed \u017eivota, dokonca o nesmrte\u013enosti. V \u010dasoch dynastie Chan sa z kvetov chryzant\u00e9m za t\u00fdmto \u00fa\u010delom vyr\u00e1bal i magick\u00fd pr\u00e1\u0161ok, ktor\u00fd pravidelne u\u017e\u00edvali \u010d\u00ednski cis\u00e1ri, ktor\u00ed sa naozaj do\u017e\u00edvali na tie doby vysok\u00e9ho veku.<\/p>\n<div class=\"userHTMLContent boxFlow\">\n<p><strong>Po hektickom pracovnom dni prich\u00e1dza \u010das chryzant\u00e9m&#8230;<\/strong><\/p>\n<p><strong>SYMBOL ARISTOKRACIE<\/strong><br \/>\nChryzant\u00e9ma patr\u00ed k uctievan\u00fdm \u010d\u00ednskym rastlin\u00e1m spolu so slivkou, orchideou, pivonkou a bambusom. Pova\u017eovala sa za symbol aristokracie a mu\u017enosti. Okrem toho, \u017ee kr\u00e1sa chryzant\u00e9m oslovila mnoh\u00fdch \u010d\u00ednskych maliarov a b\u00e1snikov, patrila k vych\u00fdren\u00fdm bylin\u00e1m \u010d\u00ednskej kuchyne. Najm\u00e4 v ju\u017enej \u010c\u00edne a menovite v sl\u00e1vnej kantonskej kuchyni sme sa i my s kvetmi chryzant\u00e9m hojne stretali. \u010ci u\u017e zdobili r\u00f4zne poch\u00fa\u0165ky, alebo n\u00e1lev z usu\u0161en\u00fdch kvietkov chryzant\u00e9m n\u00e1m \u010c\u00ed\u0148ania pon\u00fakali ka\u017ed\u00e9 r\u00e1no, aby n\u00e1s nezmohli tropick\u00e9 hor\u00fa\u010davy.<\/p>\n<p><strong>PROTI VETRU A HOR\u00da\u010cAVE<\/strong><br \/>\nTradi\u010dn\u00e1 \u010d\u00ednska medic\u00edna naz\u00fdva vo svojich spisoch kvety chryzant\u00e9m J\u0171 Chua a vyu\u017e\u00edva jej svie\u017eu povahu, p\u00e1liv\u00fa, sladk\u00fa a hork\u00fa chu\u0165, vplyv na akupunkt\u00farne dr\u00e1hy p\u013e\u00fac a pe\u010dene. Na z\u00e1klade klasick\u00e9ho u\u010denia o p\u00f4soben\u00ed piatich elementov chryzant\u00e9my v \u013eudskom tele a najm\u00e4 v pe\u010deni rozh\u00e1\u0148aj\u00fa vietor a hor\u00fa\u010davu. T\u00fdm t\u00ed\u0161ia bolesti hlavy a z\u00e1vrate vzniknut\u00e9 prehnanou energiou jang v pe\u010deni a pom\u00e1haj\u00fa neutralizova\u0165 tox\u00edny.<\/p>\n<p><strong>LIE\u010cIV\u00c9 VLASTNOSTI<\/strong><br \/>\nRovnako ako tradi\u010dn\u00e1 \u010d\u00ednska medic\u00edna i na\u0161a z\u00e1padn\u00e1 veda a medic\u00edna vyu\u017e\u00edva lie\u010div\u00e9 vlastnosti chryzant\u00e9m pri rovnak\u00fdch diagn\u00f3zach, aj ke\u010f terminol\u00f3gia sa zna\u010dne l\u00ed\u0161i. Uv\u00e1dza sa, \u017ee \u010daj z kvietkov chryzant\u00e9m m\u00e1 antiseptick\u00e9 \u00fa\u010dinky, zabra\u0148uje infekci\u00e1m d\u00fdchac\u00edch ciest, zni\u017euje hor\u00fa\u010dky i bolesti hlavy, o\u010dis\u0165uje pe\u010de\u0148, zlep\u0161uje videnie, odstra\u0148uje boles\u0165, z\u00e1paly a \u00fanavu o\u010d\u00ed, zni\u017euje vysok\u00fd krvn\u00fd tlak, uvo\u013e\u0148uje k\u0155\u010de a pom\u00e1ha aj diabetikom. napom\u00e1ha lie\u010dbe ang\u00edny, chr\u00edpky, z\u00e1palov hrdla a najnov\u0161ie sa v \u010c\u00edne vyu\u017e\u00edvaj\u00fa chryzant\u00e9my ako liek proti SARS.<br \/>\nAk m\u00e1te probl\u00e9my s o\u010dami alebo pr\u00edli\u0161 dlho \u010d\u00edtate, \u010di pracujete s po\u010d\u00edta\u010dom, pripravte si n\u00e1lev a tepl\u00e9 kvietky chryzant\u00e9m si prilo\u017ete na vie\u010dka, pok\u00fdm nevychladn\u00fa. Rovnako m\u00f4\u017eete vyu\u017ei\u0165 ich hojiv\u00e9 vlastnosti pri z\u00e1paloch ko\u017ee, vriedkoch alebo akn\u00e9. Poko\u017eku si n\u00e1levom z chryzant\u00e9m m\u00f4\u017eete om\u00fdva\u0165 a kvietky priklada\u0165 na problematick\u00e9 miesta.<\/p>\n<p><strong>PREVENCIA RAKOVINY<\/strong><br \/>\nChryzant\u00e9my sa pou\u017e\u00edvaj\u00fa aj v prevencii a lie\u010dbe rakoviny. \u010c\u00ednska medic\u00edna odpor\u00fa\u010da na t\u00fato diagn\u00f3zu a jej prevenciu zmes kvietkov chryzant\u00e9m J\u0171 Chua kombinova\u0165 s bylinami Gan-cao (Glycyrhiza uralensis) a Ren-\u0161en (Panax notoginseng).<br \/>\nTradi\u010dn\u00e1 \u010d\u00ednska medic\u00edna vyu\u017e\u00edva v\u0161etky \u010dasti chryzant\u00e9m. Z kore\u0148ov sa pripravuje odvar, z listov a cel\u00fdch kvietkov \u010daj a \u010derstv\u00e9 okvetn\u00e9 l\u00edstky sa prid\u00e1vaj\u00fa k niektor\u00fdm jedl\u00e1m.<\/p>\n<p><strong>Z POH\u013dADU VEDY<\/strong><br \/>\nKvietky chryzant\u00e9m presk\u00famali mnoh\u00e9 vedeck\u00e9 laborat\u00f3ri\u00e1 a potvrdili, \u017ee ich lie\u010div\u00e9 vlastnosti s\u00fa podmienen\u00e9 aj t\u00fdm, \u017ee obsahuj\u00fa alkaloidy, flavonoidy, esenci\u00e1lne oleje, najm\u00e4 bornol, glykozidy, vitam\u00edny A a B1, stachydr\u00edn, chryzanthem\u00edn, chol\u00edn, aden\u00edn, aminokyseliny a s\u00fa schopn\u00e9 inhibova\u0165 bakt\u00e9rie vr\u00e1tane Staphylococcus aureus, Streptococcus hemolyticus B, Pseudomonas aeruginosa, Shigella dysenteriae, bacily sp\u00f4sobuj\u00face tuberkul\u00f3zu a huby zapr\u00ed\u010di\u0148uj\u00face r\u00f4zne dermat\u00f3zy.<\/p>\n<p><strong>LEGENDA<\/strong><br \/>\nV \u010c\u00edne sa traduje legenda o lie\u010div\u00fdch \u00fa\u010dinkoch \u010daju z chryzant\u00e9m. Raz sa vraj jeden dedin\u010dan z provincie Che-nan zapot\u00e1cal pri broden\u00ed pot\u00f4\u010dika, vytekaj\u00faceho z ne\u010falek\u00e9ho prame\u0148a, v ktorom pl\u00e1vali lupienky chryzant\u00e9m a spadol do vody. Preto\u017ee ihne\u010f poc\u00edtil lie\u010div\u00e9 vlastnosti vody na vlastnej ko\u017ei, aj ostatn\u00ed dedin\u010dania za\u010dali chodi\u0165 k prame\u0148u a pi\u0165 z neho. Verili, \u017ee sa ka\u017ed\u00fd z nich tak do\u017eije 130 rokov.<\/p>\n<\/div>\n<\/div>\n<\/div>\n<\/article>\n<p><strong>Krajina p\u00f4vodu:\u00a0<\/strong>\u010c\u00edna<\/p>\n<p><strong>Obsah balenia :\u00a0<\/strong>vyberte mno\u017estvo<\/p>\n","protected":false},"excerpt":{"rendered":"<p><strong>Cena je uveden\u00e1 za 50 g \u010daju\u00a0<\/strong><\/p>\n<p><strong>Bylinn\u00fd \u010daj &#8211; Chrysanthemum sp., kvet. Bylina klasickej \u010d\u00ednskej medic\u00edny<\/strong><br \/>\n<strong>\u010caj odpor\u00fa\u010dame na t\u00ed\u0161enie bolesti hlavy, z\u00e1paly a infekcie, na z\u00e1vraty, neutraliz\u00e1ciu tox\u00ednov, vysok\u00fd tlak a na lep\u0161\u00ed zrak<\/strong><\/p>\n<p>&nbsp;<\/p>\n","protected":false},"featured_media":2890,"comment_status":"open","ping_status":"closed","template":"","meta":[],"_links":{"self":[{"href":"http:\/\/cajovnajasminka.sk\/index.php?rest_route=\/wp\/v2\/product\/2885"}],"collection":[{"href":"http:\/\/cajovnajasminka.sk\/index.php?rest_route=\/wp\/v2\/product"}],"about":[{"href":"http:\/\/cajovnajasminka.sk\/index.php?rest_route=\/wp\/v2\/types\/product"}],"replies":[{"embeddable":true,"href":"http:\/\/cajovnajasminka.sk\/index.php?rest_route=%2Fwp%2Fv2%2Fcomments&post=2885"}],"wp:featuredmedia":[{"embeddable":true,"href":"http:\/\/cajovnajasminka.sk\/index.php?rest_route=\/wp\/v2\/media\/2890"}],"wp:attachment":[{"href":"http:\/\/cajovnajasminka.sk\/index.php?rest_route=%2Fwp%2Fv2%2Fmedia&parent=2885"}],"curies":[{"name":"wp","href":"https:\/\/api.w.org\/{rel}","templated":true}]}}