{"id":2800,"date":"2020-04-08T21:09:48","date_gmt":"2020-04-08T19:09:48","guid":{"rendered":"http:\/\/cajovnajasminka.sk\/?post_type=product&#038;p=2800"},"modified":"2020-04-08T21:14:20","modified_gmt":"2020-04-08T19:14:20","slug":"poklad-perzie","status":"publish","type":"product","link":"http:\/\/cajovnajasminka.sk\/?product=poklad-perzie","title":{"rendered":"Poklad perzie"},"content":{"rendered":"<p>Ovocn\u00fd \u010daj vysokej kvality a vynikaj\u00facej chuti.<\/p>\n<p><strong>Zlo\u017eenie:<\/strong> Jab\u013a\u010dka v citr\u00f3novej \u0161\u0165ave, z\u00e1zvor 13%, pomaran\u010d du\u017eina 2%, pr\u00edrodn\u00e1 v\u00f4\u0148a<\/p>\n<p><strong>Pr\u00edprava:<\/strong> Dve \u010dajov\u00e9 ly\u017ei\u010dky ovocn\u00e9ho \u010daju zalejeme vodou teplou\u00a0<strong>70-75\u00b0C<\/strong>, ktor\u00e1 pre\u0161la varom o objeme\u00a0<strong>2,5 \u2013 3,5 Dl<\/strong>\u00a0a nech\u00e1me l\u00fahova\u0165\u00a0<strong>6-10 min\u00fat<\/strong>. Tak sa zachov\u00e1 vysok\u00fd obsah\u00a0<strong>vitam\u00ednu C<\/strong>. N\u00e1lev zlejeme, m\u00f4\u017eeme prisladi\u0165 medom.<br \/>\nOvocn\u00e9 \u010daje s\u00fa v\u00fdborn\u00e9 tepl\u00e9 i vychladen\u00e9.<\/p>\n<p><strong>Krajina p\u00f4vodu:<\/strong>\u00a0EU<\/p>\n<p><strong>Obsah balenia :\u00a0<\/strong>vyberte mno\u017estvo<\/p>\n","protected":false},"excerpt":{"rendered":"<p><strong>Cena je uveden\u00e1 za 50 g \u010daju\u00a0<\/strong><\/p>\n<p><strong>Vzpru\u017e\u00ed na tele i na du\u0161i\u00a0<\/strong><\/p>\n<p>&nbsp;<\/p>\n","protected":false},"featured_media":2805,"comment_status":"open","ping_status":"closed","template":"","meta":[],"_links":{"self":[{"href":"http:\/\/cajovnajasminka.sk\/index.php?rest_route=\/wp\/v2\/product\/2800"}],"collection":[{"href":"http:\/\/cajovnajasminka.sk\/index.php?rest_route=\/wp\/v2\/product"}],"about":[{"href":"http:\/\/cajovnajasminka.sk\/index.php?rest_route=\/wp\/v2\/types\/product"}],"replies":[{"embeddable":true,"href":"http:\/\/cajovnajasminka.sk\/index.php?rest_route=%2Fwp%2Fv2%2Fcomments&post=2800"}],"wp:featuredmedia":[{"embeddable":true,"href":"http:\/\/cajovnajasminka.sk\/index.php?rest_route=\/wp\/v2\/media\/2805"}],"wp:attachment":[{"href":"http:\/\/cajovnajasminka.sk\/index.php?rest_route=%2Fwp%2Fv2%2Fmedia&parent=2800"}],"curies":[{"name":"wp","href":"https:\/\/api.w.org\/{rel}","templated":true}]}}