{"id":2764,"date":"2020-04-08T20:09:56","date_gmt":"2020-04-08T18:09:56","guid":{"rendered":"http:\/\/cajovnajasminka.sk\/?post_type=product&#038;p=2764"},"modified":"2020-04-08T20:18:34","modified_gmt":"2020-04-08T18:18:34","slug":"modry-kvet-natural","status":"publish","type":"product","link":"http:\/\/cajovnajasminka.sk\/?product=modry-kvet-natural","title":{"rendered":"Modr\u00fd kvet natural"},"content":{"rendered":"<p>Ovocn\u00fd \u010daj Modr\u00fd kvet natural dok\u00e1\u017ee prekvapi\u0165 svojou netradi\u010dnou farbou, ktor\u00fd sa zafarb\u00ed do kr\u00e1sneho modr\u00e9ho odtie\u0148a.\u00a0 M\u00e1 lahodn\u00fa chu\u0165 , ktor\u00fa si ur\u010dite zamilujete na prv\u00fd d\u00fa\u0161ok.<\/p>\n<p>\u010caj Modr\u00fd kvet sa zafarb\u00ed v\u010faka kvetu, ktor\u00e9mu sa hovor\u00ed Mot\u00fdl\u00ed hrachov\u00fd kvet &#8211; Clitoria ternatea. V tradi\u010dnej ajurv\u00e9dskej medic\u00edne sa vlastnosti tohto \u010daju pripisovali ako antistresov\u00e9, anxiolytick\u00e9, antidepres\u00edvne.<\/p>\n<p><strong>Zlo\u017eenie:<\/strong>\u00a0jablko, mrkva, fazu\u013eov\u00e9 \u0161upky, z\u00e1zvor, goji, hrozienka, mot\u00fdlie hrachov\u00e9 kvety, nev\u00e4dza, vanilkov\u00e9 k\u00fasky, pr\u00edrodn\u00e1 ar\u00f3ma<\/p>\n<p><strong>Pr\u00edprava:<\/strong>\u00a02 \u010dajov\u00e9\u00a0ly\u017ei\u010dky\u00a0zalejeme 2,5 dl vriacej vody, nech\u00e1me 8-10\u00a0min\u00fat\u00a0l\u00fahova\u0165, po preceden\u00ed pod\u00e1vame<\/p>\n<p><strong>Obsah balenia :\u00a0<\/strong>vyberte mno\u017estvo<\/p>\n","protected":false},"excerpt":{"rendered":"<p><strong>Cena je uveden\u00e1 za 50 g \u010daju\u00a0<\/strong><\/p>\n","protected":false},"featured_media":2768,"comment_status":"open","ping_status":"closed","template":"","meta":[],"_links":{"self":[{"href":"http:\/\/cajovnajasminka.sk\/index.php?rest_route=\/wp\/v2\/product\/2764"}],"collection":[{"href":"http:\/\/cajovnajasminka.sk\/index.php?rest_route=\/wp\/v2\/product"}],"about":[{"href":"http:\/\/cajovnajasminka.sk\/index.php?rest_route=\/wp\/v2\/types\/product"}],"replies":[{"embeddable":true,"href":"http:\/\/cajovnajasminka.sk\/index.php?rest_route=%2Fwp%2Fv2%2Fcomments&post=2764"}],"wp:featuredmedia":[{"embeddable":true,"href":"http:\/\/cajovnajasminka.sk\/index.php?rest_route=\/wp\/v2\/media\/2768"}],"wp:attachment":[{"href":"http:\/\/cajovnajasminka.sk\/index.php?rest_route=%2Fwp%2Fv2%2Fmedia&parent=2764"}],"curies":[{"name":"wp","href":"https:\/\/api.w.org\/{rel}","templated":true}]}}