{"id":2718,"date":"2020-04-07T20:24:03","date_gmt":"2020-04-07T18:24:03","guid":{"rendered":"http:\/\/cajovnajasminka.sk\/?post_type=product&#038;p=2718"},"modified":"2021-03-24T19:01:26","modified_gmt":"2021-03-24T18:01:26","slug":"mosadzny-slonik","status":"publish","type":"product","link":"http:\/\/cajovnajasminka.sk\/?product=mosadzny-slonik","title":{"rendered":"Mosadzn\u00fd slon\u00edk"},"content":{"rendered":"<p>So\u0161ky slonov s\u00fa po celom svete pova\u017eovan\u00e9 za symbol \u0161\u0165astia, m\u00fadrosti, sily, blahobytu a dlhovekosti. V \u00c1zii veria, \u017ee slon s chobotom hore nosia \u0161\u0165astie a slon s chobotom dole prin\u00e1\u0161a dlhovekos\u0165.<\/p>\n<p>&nbsp;<\/p>\n","protected":false},"excerpt":{"rendered":"<p><strong>Rozmery : v\u00fd\u0161ka aj s chobotom= 19mm, \u0161\u00edrka= 17mm<\/strong><br \/>\n<strong>Materi\u00e1l- mosadz<\/strong><br \/>\n<strong>Uveden\u00e1 cena je za1 kus<\/strong><\/p>\n","protected":false},"featured_media":2719,"comment_status":"closed","ping_status":"closed","template":"","meta":[],"_links":{"self":[{"href":"http:\/\/cajovnajasminka.sk\/index.php?rest_route=\/wp\/v2\/product\/2718"}],"collection":[{"href":"http:\/\/cajovnajasminka.sk\/index.php?rest_route=\/wp\/v2\/product"}],"about":[{"href":"http:\/\/cajovnajasminka.sk\/index.php?rest_route=\/wp\/v2\/types\/product"}],"replies":[{"embeddable":true,"href":"http:\/\/cajovnajasminka.sk\/index.php?rest_route=%2Fwp%2Fv2%2Fcomments&post=2718"}],"wp:featuredmedia":[{"embeddable":true,"href":"http:\/\/cajovnajasminka.sk\/index.php?rest_route=\/wp\/v2\/media\/2719"}],"wp:attachment":[{"href":"http:\/\/cajovnajasminka.sk\/index.php?rest_route=%2Fwp%2Fv2%2Fmedia&parent=2718"}],"curies":[{"name":"wp","href":"https:\/\/api.w.org\/{rel}","templated":true}]}}