{"id":2713,"date":"2020-04-06T22:58:59","date_gmt":"2020-04-06T20:58:59","guid":{"rendered":"http:\/\/cajovnajasminka.sk\/?post_type=product&#038;p=2713"},"modified":"2020-04-06T23:02:55","modified_gmt":"2020-04-06T21:02:55","slug":"onyx-nausnice-gulicky","status":"publish","type":"product","link":"http:\/\/cajovnajasminka.sk\/?product=onyx-nausnice-gulicky","title":{"rendered":"Onyx &#8211; n\u00e1u\u0161nice guli\u010dky"},"content":{"rendered":"<p><strong>Ve\u013emi siln\u00fd kame\u0148, prin\u00e1\u0161aj\u00faci \u0161\u0165astie v l\u00e1ske<\/strong><\/p>\n<p>Slovo \u00f3nyx poch\u00e1dza zo slova \u201conux\u201d , ktor\u00e9 znamen\u00e1 necht. Ale pre\u010do pr\u00e1ve necht? Legenda hovor\u00ed, \u017ee vznikol, ke\u010f boh l\u00e1sky, Amor \u0161\u00edpom odstrelil Venu\u0161in necht. Odvtedy m\u00e1 poves\u0165 nosite\u013ea \u0161\u0165astia v l\u00e1ske a tie\u017e pom\u00e1ha prekona\u0165 boles\u0165 zo straty. Jeho pr\u00edtomnos\u0165 p\u00f4sob\u00ed tie\u017e afrodiziak\u00e1lne.\u00a0Tento tajomn\u00fd \u010dierny kame\u0148 pod vplyvom Saturnu n\u00e1s u\u010d\u00ed, \u017ee aj utrpenie je cestou k rozvoju a pom\u00e1ha n\u00e1m na ceste k duchovnej m\u00fadrosti. Podobne ako \u010dierny turmal\u00edn, n\u00e1s vedie k v\u00e1\u017enosti, cie\u013eavedomosti a sebakontrole. Pod\u013ea trad\u00edcie podporuje koncentr\u00e1ciu a pokoru. Sp\u00f4sob, ak\u00fdm \u00f3nyx bor\u00ed blok\u00e1dy a o\u010dis\u0165uje m\u00e1 in\u00fd charakter ako u turmal\u00ednu. Onyx s\u00edce odoberie z v\u00e1\u0161ho tela negat\u00edvnu energiu ale neabsorbuje ju<\/p>\n<p><strong><u>Lie\u010debn\u00e9 vyu\u017eitie:<\/u><\/strong><\/p>\n<ul>\n<li>pom\u00e1ha pri lie\u010dbe sluchu, hlavne pri odstra\u0148ovan\u00ed nepr\u00edjemn\u00e9ho \u0161umu<\/li>\n<li>pri poru\u0161en\u00ed rovnov\u00e1hy<\/li>\n<li>zlep\u0161uje ostros\u0165 zraku<\/li>\n<li>posil\u0148uje imunitu<\/li>\n<li>pom\u00e1ha pri chorob\u00e1ch srdca<\/li>\n<li>odpor\u00fa\u010da sa pri ekz\u00e9moch alebo na hojenie r\u00e1n, jaziev<\/li>\n<li>pozit\u00edvne vpl\u00fdva na kosti a zuby<\/li>\n<\/ul>\n<p><strong><u>Astrologick\u00e9 priradenie:<\/u><\/strong> Kozoro\u017eec<\/p>\n<p><strong><u>\u010cistenie: <\/u><\/strong><u>pod pr\u00fadom vla\u017enej vody, alebo necha\u0165 cez noc v miske s vodou spolu s kri\u0161t\u00e1\u013eom. Nab\u00edja\u0165 \u010dast\u00fdm a dlh\u00fdm vystavovan\u00edm priamemu slnku<\/u><\/p>\n<p><strong>Upozornenie:<\/strong>\u00a0Sfarbenie a \u0161trukt\u00fara kame\u0148ov sa\u00a0m\u00f4\u017ee v skuto\u010dnosti od uveden\u00fdch fotografi\u00ed\u00a0produktu mierne odli\u0161ova\u0165<\/p>\n","protected":false},"excerpt":{"rendered":"<p><strong>Guli\u010dkov\u00e9 nau\u0161nice, zap\u00ednanie postriebren\u00fd tombak<\/strong><br \/>\n<strong>Ve\u013ekos\u0165 : 8 mm<\/strong><\/p>\n","protected":false},"featured_media":2714,"comment_status":"closed","ping_status":"closed","template":"","meta":[],"_links":{"self":[{"href":"http:\/\/cajovnajasminka.sk\/index.php?rest_route=\/wp\/v2\/product\/2713"}],"collection":[{"href":"http:\/\/cajovnajasminka.sk\/index.php?rest_route=\/wp\/v2\/product"}],"about":[{"href":"http:\/\/cajovnajasminka.sk\/index.php?rest_route=\/wp\/v2\/types\/product"}],"replies":[{"embeddable":true,"href":"http:\/\/cajovnajasminka.sk\/index.php?rest_route=%2Fwp%2Fv2%2Fcomments&post=2713"}],"wp:featuredmedia":[{"embeddable":true,"href":"http:\/\/cajovnajasminka.sk\/index.php?rest_route=\/wp\/v2\/media\/2714"}],"wp:attachment":[{"href":"http:\/\/cajovnajasminka.sk\/index.php?rest_route=%2Fwp%2Fv2%2Fmedia&parent=2713"}],"curies":[{"name":"wp","href":"https:\/\/api.w.org\/{rel}","templated":true}]}}