{"id":2660,"date":"2020-04-06T20:54:14","date_gmt":"2020-04-06T18:54:14","guid":{"rendered":"http:\/\/cajovnajasminka.sk\/?post_type=product&#038;p=2660"},"modified":"2020-04-07T20:06:05","modified_gmt":"2020-04-07T18:06:05","slug":"sodalit-srdiecko","status":"publish","type":"product","link":"http:\/\/cajovnajasminka.sk\/?product=sodalit-srdiecko","title":{"rendered":"Sodalit &#8211; srdie\u010dko"},"content":{"rendered":"<p><strong>Kame\u0148 logiky, racionality a \u00fa\u010dinnosti<\/strong><\/p>\n<ul>\n<li>Stimuluje n\u00e1pady a je \u00fa\u010dinn\u00fd aj pri por\u00fach\u00e1ch v komunik\u00e1cii<\/li>\n<li>Pom\u00e1ha ukon\u010di\u0165 nekone\u010dn\u00e9 h\u00e1dky a nezhody,\u00a0zvy\u0161uje inteligenciu, podporuje u\u010denie a poznanie a zjednocuje logick\u00fa a spiritu\u00e1lnu str\u00e1nku vec\u00ed<\/li>\n<li>Zni\u017euje prehnan\u00fa sebakritiku a pom\u00e1ha n\u00e1m akceptova\u0165 sa tak\u00fdch, ak\u00ed sme<\/li>\n<li>Zmier\u0148uje obavy, upokojuje a vyjas\u0148uje hlavu a z\u013eahka pacifikuje a uzem\u0148uje<\/li>\n<li>Citliv\u00fdm \u013eu\u010fom dod\u00e1va sebavedomie, odvahu a pevn\u00fd chrb\u00e1t<\/li>\n<\/ul>\n<p><strong><u>Lie\u010debn\u00e9 \u00fa\u010dinky:<\/u><\/strong><\/p>\n<ul>\n<li>Pou\u017e\u00edva sa pri \u0165a\u017ekostiach s tr\u00e1viacim syst\u00e9mom, pom\u00e1ha pri poruch\u00e1ch sp\u00e1nku a pri nedostatku v\u00e1pnika<\/li>\n<li>Zlep\u0161uje pam\u00e4\u0165, preto ho zvykn\u00fa pou\u017e\u00edva\u0165 \u0161tudenti pri sk\u00fa\u0161kach<\/li>\n<li>Pom\u00e1ha r\u00fdchlej\u0161ie vylie\u010di\u0165 nachladenie hlavy, potl\u00e1\u010da infekcie a z\u00e1paly<\/li>\n<li>Zni\u017euje krvn\u00fd tlak<\/li>\n<\/ul>\n<p><strong><u>Astrologick\u00e9 priradenie:<\/u><\/strong> Strelec, Vodn\u00e1r, Panna.<\/p>\n<p><strong><u>\u010cistenie: <\/u><\/strong>Pod pr\u00fadom vla\u017enej vody aspo\u0148 dve min\u00faty, alebo do misky s\u00a0roztokom slanej vody, alebo zasypeme suchou morskou so\u013eou a\u00a0nech\u00e1me cez noc. Nab\u00edjame na kri\u0161t\u00e1li a\u00a0vystav\u00edme ho na hodinu na priame slnko<\/p>\n<p><strong>Upozornenie:<\/strong>\u00a0Sfarbenie a \u0161trukt\u00fara kame\u0148ov sa\u00a0m\u00f4\u017ee v skuto\u010dnosti od uveden\u00fdch fotografi\u00ed\u00a0produktu mierne odli\u0161ova\u0165<\/p>\n","protected":false},"excerpt":{"rendered":"<p><strong>Br\u00fasen\u00e9, le\u0161ten\u00e9 srdie\u010dka pravideln\u00fdch tvarov<\/strong><br \/>\n<strong>Z\u00e1ves striebren\u00fd tombak<\/strong><br \/>\n<strong>Ve\u013ekos\u0165 : 15 mm<\/strong><\/p>\n","protected":false},"featured_media":2664,"comment_status":"closed","ping_status":"closed","template":"","meta":[],"_links":{"self":[{"href":"http:\/\/cajovnajasminka.sk\/index.php?rest_route=\/wp\/v2\/product\/2660"}],"collection":[{"href":"http:\/\/cajovnajasminka.sk\/index.php?rest_route=\/wp\/v2\/product"}],"about":[{"href":"http:\/\/cajovnajasminka.sk\/index.php?rest_route=\/wp\/v2\/types\/product"}],"replies":[{"embeddable":true,"href":"http:\/\/cajovnajasminka.sk\/index.php?rest_route=%2Fwp%2Fv2%2Fcomments&post=2660"}],"wp:featuredmedia":[{"embeddable":true,"href":"http:\/\/cajovnajasminka.sk\/index.php?rest_route=\/wp\/v2\/media\/2664"}],"wp:attachment":[{"href":"http:\/\/cajovnajasminka.sk\/index.php?rest_route=%2Fwp%2Fv2%2Fmedia&parent=2660"}],"curies":[{"name":"wp","href":"https:\/\/api.w.org\/{rel}","templated":true}]}}