{"id":2654,"date":"2020-04-06T20:46:16","date_gmt":"2020-04-06T18:46:16","guid":{"rendered":"http:\/\/cajovnajasminka.sk\/?post_type=product&#038;p=2654"},"modified":"2020-04-07T20:06:32","modified_gmt":"2020-04-07T18:06:32","slug":"ruzenin-srdiecko-2","status":"publish","type":"product","link":"http:\/\/cajovnajasminka.sk\/?product=ruzenin-srdiecko-2","title":{"rendered":"Ru\u017een\u00edn &#8211; srdie\u010dko"},"content":{"rendered":"<p><strong>Kame\u0148 l\u00e1sky a vernosti<\/strong><\/p>\n<ul>\n<li>Je kame\u0148 l\u00e1sky, ktor\u00fd bol prisudzovan\u00fd bohom l\u00e1sky Amorovi a Er\u00f3tovi<\/li>\n<li>Je najsilnej\u0161\u00edm kame\u0148om, \u010do sa t\u00fdka p\u00f4sobenia l\u00e1sky, kr\u00e1sy a uzdravovania. Vo vz\u0165ahoch posil\u0148uje partnersk\u00fa vernos\u0165, ale pom\u00e1ha aj n\u00e1js\u0165 \u0161\u0165astie v l\u00e1ske<\/li>\n<li>Hovor\u00ed sa, \u017ee kto ho m\u00e1 pri sebe, k tomu s\u00fa \u013eudia mil\u0161\u00ed, pr\u00edvetivej\u0161\u00ed, pr\u00edjemnej\u0161\u00ed<\/li>\n<li>Prehlbuje fant\u00e1ziu, vn\u00edmavos\u0165 vo\u010di v\u0161etk\u00e9mu kr\u00e1snemu<\/li>\n<li>Lie\u010di hlbok\u00e9 du\u0161evn\u00e9 rany, zranen\u00e9 city, pom\u00e1ha osamel\u00fdm a opusten\u00fdm<\/li>\n<li>Vn\u00e1\u0161a mier a harm\u00f3niu do prostredia<\/li>\n<li>Ochra\u0148uje n\u00e1s nielen pred vn\u00fatornou negat\u00edvnou energiou &#8211; z\u00e1vis\u0165ou, hrubos\u0165ou, \u0161pinou, nen\u00e1vis\u0165ou at\u010f., ale aj na vonkaj\u0161ej energetickej \u00farovni &#8211; napr. pred elektromagnetick\u00fdmi \u017eiaren\u00edm &#8211; ekologick\u00ed technici zistili, \u017ee vibr\u00e1cie ru\u017een\u00ednu m\u00f4\u017eu zn\u00ed\u017ei\u0165 silu elektromagnetick\u00e9ho po\u013ea mobiln\u00fdch telef\u00f3nov a\u017e o 85 %!<\/li>\n<\/ul>\n<p><strong><u>Lie\u010debn\u00e9 \u00fa\u010dinky:<\/u><\/strong><\/p>\n<ul>\n<li>Ru\u017eov\u00e1 energia podporuje krvn\u00e9 cievy okolo srdca<\/li>\n<li>Pom\u00e1ha \u010disti\u0165 org\u00e1ny tela. Posil\u0148uje vitalitu pohlavn\u00fdch org\u00e1nov a \u00fadajne zvy\u0161uje plodnos\u0165. Pom\u00e1ha pri anorexii, lebo podporuje sebal\u00e1sku a sebaakcept\u00e1ciu. Podporuje \u010dinnos\u0165 \u013eadv\u00edn a nadobli\u010diek po ochoreniach<\/li>\n<li>Zmen\u0161uje vr\u00e1sky a celkove potl\u00e1\u010da pr\u00edznaky starnutia<\/li>\n<li>Pom\u00e1ha pri bolestiach hlavy, hlavne migr\u00e9nov\u00e9ho typu<\/li>\n<li>Potl\u00e1\u010da depresie<strong>,<\/strong> probl\u00e9my hrdla, bolesti u\u0161\u00ed<\/li>\n<\/ul>\n<p><strong><u>Astrologick\u00e9 priradenie:<\/u><\/strong> B\u00fdk a V\u00e1hy<\/p>\n<p><strong><u>\u010cistenie: <\/u><\/strong>Pod pr\u00fadom vla\u017enej vody a\u00a0nab\u00edja\u0165 v\u00a0noci na mesa\u010dnom svite<\/p>\n<p><strong>Upozornenie:<\/strong>\u00a0Sfarbenie a \u0161trukt\u00fara kame\u0148ov sa\u00a0m\u00f4\u017ee v skuto\u010dnosti od uveden\u00fdch fotografi\u00ed\u00a0produktu mierne odli\u0161ova\u0165<\/p>\n","protected":false},"excerpt":{"rendered":"<p><strong>Br\u00fasen\u00e9, le\u0161ten\u00e9 srdie\u010dka pravideln\u00fdch tvarov<\/strong><br \/>\n<strong>Z\u00e1ves striebren\u00fd tombak<\/strong><br \/>\n<strong>Ve\u013ekos\u0165 : 15 mm<\/strong><\/p>\n","protected":false},"featured_media":2687,"comment_status":"closed","ping_status":"closed","template":"","meta":[],"_links":{"self":[{"href":"http:\/\/cajovnajasminka.sk\/index.php?rest_route=\/wp\/v2\/product\/2654"}],"collection":[{"href":"http:\/\/cajovnajasminka.sk\/index.php?rest_route=\/wp\/v2\/product"}],"about":[{"href":"http:\/\/cajovnajasminka.sk\/index.php?rest_route=\/wp\/v2\/types\/product"}],"replies":[{"embeddable":true,"href":"http:\/\/cajovnajasminka.sk\/index.php?rest_route=%2Fwp%2Fv2%2Fcomments&post=2654"}],"wp:featuredmedia":[{"embeddable":true,"href":"http:\/\/cajovnajasminka.sk\/index.php?rest_route=\/wp\/v2\/media\/2687"}],"wp:attachment":[{"href":"http:\/\/cajovnajasminka.sk\/index.php?rest_route=%2Fwp%2Fv2%2Fmedia&parent=2654"}],"curies":[{"name":"wp","href":"https:\/\/api.w.org\/{rel}","templated":true}]}}