{"id":255,"date":"2017-05-02T13:18:28","date_gmt":"2017-05-02T11:18:28","guid":{"rendered":"http:\/\/cajovnajasminka.sk\/?product=guduchi-travenie-a-chut-k-jedlu"},"modified":"2023-01-19T11:06:20","modified_gmt":"2023-01-19T10:06:20","slug":"guduchi-travenie-a-chut-k-jedlu","status":"publish","type":"product","link":"http:\/\/cajovnajasminka.sk\/?product=guduchi-travenie-a-chut-k-jedlu","title":{"rendered":"Guduchi-tr\u00e1venie a chu\u0165 k jedlu"},"content":{"rendered":"<p>Himal\u00e1jske byliny sa u\u017e po cel\u00e9 st\u00e1ro\u010dia pou\u017e\u00edvaj\u00fa k optimaliz\u00e1cii du\u0161evn\u00fdch a telesn\u00fdch funkci\u00ed organizmu. S\u00fa z\u00e1kladom tradi\u010dn\u00e9ho ajurv\u00e9dsk\u00e9ho lek\u00e1rstva, ktor\u00e9 ich pou\u017e\u00edva v mnoh\u00fdch najr\u00f4znej\u0161\u00edch kombin\u00e1ci\u00e1ch.<br \/>\n<strong><br \/>\n<\/strong><strong>\u010caj Guduchi upokojuje tr\u00e1viace \u00fastrojenstvo<br \/>\nPom\u00e1ha udr\u017eiava\u0165 optim\u00e1lnu funkciu za\u017e\u00edvacieho syst\u00e9mu<br \/>\nP\u00f4sob\u00ed priaznivo pri \u017eal\u00fado\u010dnej podr\u00e1\u017edenosti a obnovuje chu\u0165 k jedlu<br \/>\nPosil\u0148uje imunitn\u00fd syst\u00e9m organizmu<br \/>\nPrispieva k harmonick\u00e9mu metabolizmu a revitaliz\u00e1ci\u00ed telesn\u00fdch tkan\u00edv<br \/>\n<\/strong><\/p>\n<p><strong>Zlo\u017eenie :\u00a0<\/strong><\/p>\n<p>Chebula srd\u010dit\u00e1 &#8211; Guduchi (tinospora cordifolia), sladovka hladkoplod\u00e1 &#8211; sladk\u00e9 drievko (Glycyrrhiza glabra), citr\u00f3nov\u00e1 tr\u00e1va (Cymbopogon citratus), kardamom oby\u010dajn\u00fd (Elettaria cardamomum).<\/p>\n<p><strong>Hmotnos\u0165 :<\/strong>\u00a0100 g<\/p>\n","protected":false},"excerpt":{"rendered":"<p>Himal\u00e1jske byliny sa u\u017e po cel\u00e9 st\u00e1ro\u010dia pou\u017e\u00edvaj\u00fa k optimaliz\u00e1cii du\u0161evn\u00fdch a telesn\u00fdch funkci\u00ed organizmu. S\u00fa z\u00e1kladom tradi\u010dn\u00e9ho ajurv\u00e9dsk\u00e9ho lek\u00e1rstva, ktor\u00e9 ich pou\u017e\u00edva v mnoh\u00fdch najr\u00f4znej\u0161\u00edch kombin\u00e1ci\u00e1ch. \u010caj Guduchi upokojuje tr\u00e1viace \u00fastrojenstvo Pom\u00e1ha udr\u017eiava\u0165 optim\u00e1lnu funkciu za\u017e\u00edvacieho syst\u00e9mu P\u00f4sob\u00ed priaznivo pri \u017eal\u00fado\u010dnej podr\u00e1\u017edenosti a obnovuje chu\u0165 k jedlu Posil\u0148uje imunitn\u00fd syst\u00e9m organizmu Prispieva k harmonick\u00e9mu<\/p>\n","protected":false},"featured_media":256,"comment_status":"open","ping_status":"closed","template":"","meta":[],"_links":{"self":[{"href":"http:\/\/cajovnajasminka.sk\/index.php?rest_route=\/wp\/v2\/product\/255"}],"collection":[{"href":"http:\/\/cajovnajasminka.sk\/index.php?rest_route=\/wp\/v2\/product"}],"about":[{"href":"http:\/\/cajovnajasminka.sk\/index.php?rest_route=\/wp\/v2\/types\/product"}],"replies":[{"embeddable":true,"href":"http:\/\/cajovnajasminka.sk\/index.php?rest_route=%2Fwp%2Fv2%2Fcomments&post=255"}],"wp:featuredmedia":[{"embeddable":true,"href":"http:\/\/cajovnajasminka.sk\/index.php?rest_route=\/wp\/v2\/media\/256"}],"wp:attachment":[{"href":"http:\/\/cajovnajasminka.sk\/index.php?rest_route=%2Fwp%2Fv2%2Fmedia&parent=255"}],"curies":[{"name":"wp","href":"https:\/\/api.w.org\/{rel}","templated":true}]}}