{"id":2508,"date":"2020-04-03T21:01:10","date_gmt":"2020-04-03T19:01:10","guid":{"rendered":"http:\/\/cajovnajasminka.sk\/?post_type=product&#038;p=2508"},"modified":"2020-04-03T21:02:27","modified_gmt":"2020-04-03T19:02:27","slug":"strieborne-kyvadlo","status":"publish","type":"product","link":"http:\/\/cajovnajasminka.sk\/?product=strieborne-kyvadlo","title":{"rendered":"Strieborn\u00e9 kyvadlo"},"content":{"rendered":"<p>Kyvadlo je praktick\u00fdm pomocn\u00edkom v \u013eudovom lie\u010dite\u013estve, kde sl\u00fa\u017ei na odblokovanie \u010dakier, vystopovanie chor\u00f4b a blok\u00e1d na tele. Vyr\u00e1ba sa len z niekolk\u00fdch druhov drah\u00fdch miner\u00e1lov, ktor\u00e9 s\u00fa najvhodnej\u0161ie pre tieto \u00fa\u010dely.<\/p>\n<p>Kyvadl\u00e1 s\u00fa jednou z najjednoduch\u0161\u00edch pom\u00f4cok pre zodpovedanie ot\u00e1zok ka\u017edodenn\u00e9ho \u017eivota. Kyvadlo dok\u00e1\u017ee odpoveda\u0165 na ot\u00e1zky, ktor\u00e9 mu kladieme odpove\u010fou \u00c1NO a NIE, je tie\u017e v\u00fdborn\u00fdm pomocn\u00edkom pre pr\u00e1cu s tabu\u013ekami. Kyvadlo n\u00e1m d\u00e1va r\u00fdchlu, jasn\u00fa a stru\u010dn\u00fa odpove\u010f. Nevie odpoveda\u0165 do h\u013abky ako napr\u00edklad tarotov\u00e9 karty, no napriek tomu je pre svoju jednoduchos\u0165 a priamos\u0165 ob\u013e\u00faben\u00fdm magick\u00fdm predmetom<\/p>\n","protected":false},"excerpt":{"rendered":"<p><strong>Materi\u00e1l : strieborn\u00e1 mosadz<\/strong><br \/>\n<strong>Ve\u013ekos\u0165 : 4 cm, retiazka 18cm<\/strong><\/p>\n","protected":false},"featured_media":2509,"comment_status":"closed","ping_status":"closed","template":"","meta":[],"_links":{"self":[{"href":"http:\/\/cajovnajasminka.sk\/index.php?rest_route=\/wp\/v2\/product\/2508"}],"collection":[{"href":"http:\/\/cajovnajasminka.sk\/index.php?rest_route=\/wp\/v2\/product"}],"about":[{"href":"http:\/\/cajovnajasminka.sk\/index.php?rest_route=\/wp\/v2\/types\/product"}],"replies":[{"embeddable":true,"href":"http:\/\/cajovnajasminka.sk\/index.php?rest_route=%2Fwp%2Fv2%2Fcomments&post=2508"}],"wp:featuredmedia":[{"embeddable":true,"href":"http:\/\/cajovnajasminka.sk\/index.php?rest_route=\/wp\/v2\/media\/2509"}],"wp:attachment":[{"href":"http:\/\/cajovnajasminka.sk\/index.php?rest_route=%2Fwp%2Fv2%2Fmedia&parent=2508"}],"curies":[{"name":"wp","href":"https:\/\/api.w.org\/{rel}","templated":true}]}}