{"id":2434,"date":"2020-03-27T15:46:33","date_gmt":"2020-03-27T14:46:33","guid":{"rendered":"http:\/\/cajovnajasminka.sk\/?post_type=product&#038;p=2434"},"modified":"2023-07-19T09:41:48","modified_gmt":"2023-07-19T07:41:48","slug":"vonne-tycinky-ryoshiki-umenie-vznesenosti","status":"publish","type":"product","link":"http:\/\/cajovnajasminka.sk\/?product=vonne-tycinky-ryoshiki-umenie-vznesenosti","title":{"rendered":"Vonn\u00e9 ty\u010dinky Ryoshiki Umenie vzne\u0161enosti"},"content":{"rendered":"<p>Hikali Koh a Kenmei Do je rada vzne\u0161en\u00fdch v\u00f4n\u00ed, pripravovan\u00fdch pod\u013ea tradi\u010dn\u00fdch recept\u00far najlep\u0161\u00edch japonsk\u00fdch majstrov vonn\u00fdch zmes\u00ed, ktor\u00e9 n\u00e1s un\u00e1\u0161aj\u00fa do sveta umenia a po\u00e9zie, malebnej pr\u00edrody, prekr\u00e1snych z\u00e1hrad a chr\u00e1mov japonskej kult\u00fary a preb\u00fadza v n\u00e1s prirodzen\u00fd zmysel pre pokoru a vzne\u0161enos\u0165.<\/p>\n<p><strong>Ve\u013emi harmonick\u00e1 sladk\u00e1 v\u00f4\u0148a pripom\u00ednaj\u00faca atmosf\u00e9ru k\u013eudn\u00fdch japonsk\u00fdch zimn\u00fdch ve\u010derov. V\u00f4\u0148a ve\u013emi r\u00fdchlo navodzuje atmosf\u00e9ru fyzickej i psychickej relax\u00e1cie. Pom\u00e1ha pri vy\u010derpanosti k r\u00fdchlemu zotaveniu tela i ducha<\/strong><\/p>\n<p><strong>Zlo\u017eenie :<\/strong> \u0161korica, slivky, sladk\u00e9 drevo<\/p>\n<p><strong>Pou\u017eitie :<\/strong>\u00a0Zap\u00e1\u013ete a nechajte tlie\u0165 na vhodnej podlo\u017eke<\/p>\n","protected":false},"excerpt":{"rendered":"<p><strong>Cena za jednu roli\u010dku, ktor\u00e1 obsahuje 22 ty\u010diniek s dobou horenia cca 45 min\u00fat<\/strong><\/p>\n","protected":false},"featured_media":2435,"comment_status":"closed","ping_status":"closed","template":"","meta":[],"_links":{"self":[{"href":"http:\/\/cajovnajasminka.sk\/index.php?rest_route=\/wp\/v2\/product\/2434"}],"collection":[{"href":"http:\/\/cajovnajasminka.sk\/index.php?rest_route=\/wp\/v2\/product"}],"about":[{"href":"http:\/\/cajovnajasminka.sk\/index.php?rest_route=\/wp\/v2\/types\/product"}],"replies":[{"embeddable":true,"href":"http:\/\/cajovnajasminka.sk\/index.php?rest_route=%2Fwp%2Fv2%2Fcomments&post=2434"}],"wp:featuredmedia":[{"embeddable":true,"href":"http:\/\/cajovnajasminka.sk\/index.php?rest_route=\/wp\/v2\/media\/2435"}],"wp:attachment":[{"href":"http:\/\/cajovnajasminka.sk\/index.php?rest_route=%2Fwp%2Fv2%2Fmedia&parent=2434"}],"curies":[{"name":"wp","href":"https:\/\/api.w.org\/{rel}","templated":true}]}}