{"id":2352,"date":"2020-03-25T18:53:05","date_gmt":"2020-03-25T17:53:05","guid":{"rendered":"http:\/\/cajovnajasminka.sk\/?post_type=product&#038;p=2352"},"modified":"2020-03-25T18:55:48","modified_gmt":"2020-03-25T17:55:48","slug":"jesenny-caj-bylinny-caj-sypany","status":"publish","type":"product","link":"http:\/\/cajovnajasminka.sk\/?product=jesenny-caj-bylinny-caj-sypany","title":{"rendered":"Jesenn\u00fd \u010daj &#8211; bylinn\u00fd \u010daj sypan\u00fd"},"content":{"rendered":"<p><strong>\u00a0\u0160peci\u00e1lny kvalitn\u00fd sypan\u00fd bylinn\u00fd \u010daj\u00a0zostaven\u00fd pod\u013ea origin\u00e1lnej recept\u00fary, chr\u00e1nenej ochrannou zn\u00e1mkou<\/strong><\/p>\n<p class=\"zvyraznenyText3\">Sypan\u00fd bylinn\u00fd \u010daj ur\u010den\u00fd\u00a0 k be\u017en\u00e9mu pitiu vodpovedan\u00facom ro\u010dnom obdob\u00ed<\/p>\n<p><strong>Zlo\u017eenie:<\/strong><\/p>\n<p><strong>Zelen\u00fd \u010daj<\/strong> \u2013 zahreje na tele, zlep\u0161\u00ed myslenie, prekrvenie i n\u00e1ladu<br \/>\n<strong>Jarabina plod<\/strong> \u2013 \u010derven\u00e9 plody pohladia va\u0161u du\u0161i, chrbticu i\u00a0svaly<br \/>\n<strong>Nev\u00e4dza po\u013en\u00e1 kvet<\/strong> \u2013 blankytne modr\u00e9 kvieky podporia va\u0161e chute k podzimn\u00fdm dobrot\u00e1m<br \/>\n<strong>Necht\u00edk lek\u00e1rsk\u00fd kvet<\/strong>\u2013 podpor\u00ed imunitu,\u00a0pe\u010de\u0148 i tr\u00e1venie<br \/>\n<strong>Pr\u00edrodn\u00e1 ar\u00f3ma broskyne<\/strong><\/p>\n","protected":false},"excerpt":{"rendered":"<p><strong>Gram\u00e1\u017e : 50 g\u00a0<\/strong><\/p>\n","protected":false},"featured_media":2355,"comment_status":"open","ping_status":"closed","template":"","meta":[],"_links":{"self":[{"href":"http:\/\/cajovnajasminka.sk\/index.php?rest_route=\/wp\/v2\/product\/2352"}],"collection":[{"href":"http:\/\/cajovnajasminka.sk\/index.php?rest_route=\/wp\/v2\/product"}],"about":[{"href":"http:\/\/cajovnajasminka.sk\/index.php?rest_route=\/wp\/v2\/types\/product"}],"replies":[{"embeddable":true,"href":"http:\/\/cajovnajasminka.sk\/index.php?rest_route=%2Fwp%2Fv2%2Fcomments&post=2352"}],"wp:featuredmedia":[{"embeddable":true,"href":"http:\/\/cajovnajasminka.sk\/index.php?rest_route=\/wp\/v2\/media\/2355"}],"wp:attachment":[{"href":"http:\/\/cajovnajasminka.sk\/index.php?rest_route=%2Fwp%2Fv2%2Fmedia&parent=2352"}],"curies":[{"name":"wp","href":"https:\/\/api.w.org\/{rel}","templated":true}]}}