{"id":2321,"date":"2020-03-24T19:53:16","date_gmt":"2020-03-24T18:53:16","guid":{"rendered":"http:\/\/cajovnajasminka.sk\/?post_type=product&#038;p=2321"},"modified":"2020-03-24T19:54:04","modified_gmt":"2020-03-24T18:54:04","slug":"cakrova-sviecka-4-cakra","status":"publish","type":"product","link":"http:\/\/cajovnajasminka.sk\/?product=cakrova-sviecka-4-cakra","title":{"rendered":"\u010cakrov\u00e1 svie\u010dka &#8211; 4. \u010dakra"},"content":{"rendered":"<div><strong>\u010cakrov\u00e9 svie\u010dky<\/strong>\u00a0uvol\u0148uj\u00fa bloky v \u010dakr\u00e1ch a t\u00fdm napom\u00e1haj\u00fa spr\u00e1vnemu toku energi\u00ed. Ka\u017ed\u00e1 z farieb m\u00e1 svoj v\u00fdznam a ovplyv\u0148uje ur\u010dit\u00fa \u010dakru.<\/div>\n<div><\/div>\n<div>\n<div><strong>\u010cakry<\/strong>\u00a0s\u00fa nevidite\u013en\u00e9 energetick\u00e9 centr\u00e1 n\u00e1\u0161ho tela.\u00a0Energie v \u010dakr\u00e1ch maj\u00fa priamy vplyv na na\u0161e du\u0161evn\u00e9 i fyzick\u00e9 zdravie.<\/div>\n<\/div>\n<p>&nbsp;<\/p>\n<p><strong>Zlo\u017eenie:<\/strong>\u00a0\u010disten\u00fd paraf\u00edn, 100% bavlnen\u00e9 pl\u00e1tno<\/p>\n<p>Ru\u010dn\u00e1 pr\u00e1ca<\/p>\n","protected":false},"excerpt":{"rendered":"<p><strong>Balenie obsahuje 2 ks svie\u010dok, n\u00e1vod a podlo\u017eku<\/strong><\/p>\n","protected":false},"featured_media":2323,"comment_status":"closed","ping_status":"closed","template":"","meta":[],"_links":{"self":[{"href":"http:\/\/cajovnajasminka.sk\/index.php?rest_route=\/wp\/v2\/product\/2321"}],"collection":[{"href":"http:\/\/cajovnajasminka.sk\/index.php?rest_route=\/wp\/v2\/product"}],"about":[{"href":"http:\/\/cajovnajasminka.sk\/index.php?rest_route=\/wp\/v2\/types\/product"}],"replies":[{"embeddable":true,"href":"http:\/\/cajovnajasminka.sk\/index.php?rest_route=%2Fwp%2Fv2%2Fcomments&post=2321"}],"wp:featuredmedia":[{"embeddable":true,"href":"http:\/\/cajovnajasminka.sk\/index.php?rest_route=\/wp\/v2\/media\/2323"}],"wp:attachment":[{"href":"http:\/\/cajovnajasminka.sk\/index.php?rest_route=%2Fwp%2Fv2%2Fmedia&parent=2321"}],"curies":[{"name":"wp","href":"https:\/\/api.w.org\/{rel}","templated":true}]}}