{"id":2310,"date":"2020-03-24T18:05:12","date_gmt":"2020-03-24T17:05:12","guid":{"rendered":"http:\/\/cajovnajasminka.sk\/?post_type=product&#038;p=2310"},"modified":"2020-03-24T18:09:56","modified_gmt":"2020-03-24T17:09:56","slug":"kokosovy-olej-cisty","status":"publish","type":"product","link":"http:\/\/cajovnajasminka.sk\/?product=kokosovy-olej-cisty","title":{"rendered":"Kokosov\u00fd olej \u010dist\u00fd"},"content":{"rendered":"<p><strong>Vyu\u017eitie unik\u00e1tnych vlastnost\u00ed kokosov\u00e9ho oleja pri starostlivosti nie len o svoje telo<\/strong><\/p>\n<ul>\n<li>\u010disto rastlinn\u00e1 starostlivos\u0165 o cel\u00e9 telo, \u017eiadna ch\u00e9mia<\/li>\n<li>skvel\u00fd olej na vlasy, nech\u00e1va vlasy kr\u00e1sne leskl\u00e9<\/li>\n<li>mas\u00e1\u017eny olej s n\u00e1dhernou jemnou v\u00f4\u0148ou<\/li>\n<li>ide\u00e1lny tie\u017e po holen\u00ed (dermatologicky testovan\u00e9)<\/li>\n<li>silno potl\u00e1\u010da kvasinky, plesne, kandidu (candida albicans)<\/li>\n<li>stimuluje metabolizmus<\/li>\n<li>m\u00e1 tu najkraj\u0161iu v\u00f4\u0148u, ak\u00fa si len viete prestavi\u0165<\/li>\n<\/ul>\n<p>Dr\u017eite\u013e certifik\u00e1tov CPK a CPK BIO.<\/p>\n<p>Zvl\u00e1\u0161tnos\u0165ou je tuh\u00e1 konzistencia, ktor\u00e1 sa pribli\u017ene pri teplote 25\u00b0C men\u00ed na tekut\u00fa.<\/p>\n","protected":false},"excerpt":{"rendered":"<p><strong>Obsah balenia : 125 ml\u00a0 \u010cist\u00fd pr\u00edrodn\u00fd kokosov\u00fd olej lisovan\u00fd za studena<\/strong><\/p>\n","protected":false},"featured_media":2311,"comment_status":"closed","ping_status":"closed","template":"","meta":[],"_links":{"self":[{"href":"http:\/\/cajovnajasminka.sk\/index.php?rest_route=\/wp\/v2\/product\/2310"}],"collection":[{"href":"http:\/\/cajovnajasminka.sk\/index.php?rest_route=\/wp\/v2\/product"}],"about":[{"href":"http:\/\/cajovnajasminka.sk\/index.php?rest_route=\/wp\/v2\/types\/product"}],"replies":[{"embeddable":true,"href":"http:\/\/cajovnajasminka.sk\/index.php?rest_route=%2Fwp%2Fv2%2Fcomments&post=2310"}],"wp:featuredmedia":[{"embeddable":true,"href":"http:\/\/cajovnajasminka.sk\/index.php?rest_route=\/wp\/v2\/media\/2311"}],"wp:attachment":[{"href":"http:\/\/cajovnajasminka.sk\/index.php?rest_route=%2Fwp%2Fv2%2Fmedia&parent=2310"}],"curies":[{"name":"wp","href":"https:\/\/api.w.org\/{rel}","templated":true}]}}