{"id":2250,"date":"2020-03-23T16:27:44","date_gmt":"2020-03-23T15:27:44","guid":{"rendered":"http:\/\/cajovnajasminka.sk\/?post_type=product&#038;p=2250"},"modified":"2023-03-16T07:54:09","modified_gmt":"2023-03-16T06:54:09","slug":"femina-happy-45-prirodne-kapsule","status":"publish","type":"product","link":"http:\/\/cajovnajasminka.sk\/?product=femina-happy-45-prirodne-kapsule","title":{"rendered":"Femina Happy 45+ pr\u00edrodn\u00e9 kapsule"},"content":{"rendered":"<p>Bylinn\u00e9 kapsule s pr\u00edrodn\u00fdm zlo\u017een\u00edm pre rie\u0161enie rady va\u0161ich probl\u00e9mov. Obsahuj\u00fa byliny a huby, ktor\u00e9 pre\u0161li n\u00e1ro\u010dn\u00fdmi testami(mikrobiologick\u00e9 testy, testy na pr\u00edtomnos\u0165 \u0165a\u017ek\u00fdch kovov, pestic\u00eddov, na radioaktivitu)<\/p>\n<p><strong>klimakt\u00e9rium, stres, hormon\u00e1lna aktivita<\/strong><\/p>\n<p><strong>Obsahuje:<\/strong>\u00a0 archangelika \u010d\u00ednska, mu\u010denka ple\u0165ov\u00e1, hor\u010d\u00edk, Vitam\u00edn B6<\/p>\n<p><strong>Zlo\u017eenie:\u00a0<\/strong>Extrakt z Archangeliky \u010d\u00ednskej( angelicae chinensis) 50 mg ,Extrakt z Mu\u010denky ple\u0165ovej (Passiflora icarnata) 147 mg , Pyridox\u00edn -1 mg, Mlie\u010dnan hore\u010dnat\u00fd &#8211; 90 mg , Stearan hore\u010dnat\u00fd -12 mg<\/p>\n<p><strong>Archangelika \u010d\u00ednska\u00a0<\/strong>\u2013 podporuje norm\u00e1lny priebeh\u00a0klimakt\u00e9ria, napom\u00e1ha spr\u00e1vne funkcie\u00a0mo\u010dov\u00e9ho mech\u00fara\u00a0a k\u013abov<br \/>\n<strong>Mu\u010denka ple\u0165ov\u00e1 &#8211;<\/strong>\u00a0napom\u00e1ha\u00a0 pri stresu<strong>,\u00a0<\/strong>reguluje em\u00f3cie, zlep\u0161uje\u00a0sp\u00e1nok<br \/>\n<strong>Hor\u010d\u00edk &#8211;<\/strong>\u00a0zni\u017eujevy\u010derpanie,\u00a0podporuje psychiku , kosti a k\u013aby<br \/>\n<strong>B6<\/strong>\u00a0&#8211;\u00a0prispieva k regul\u00e1ci\u00ed\u00a0hormon\u00e1lnej aktivity<\/p>\n<p><strong>D\u00e1vkovanie:<\/strong> 1 &#8211; 2x denne 1 kapsulu medzi jedlom<\/p>\n","protected":false},"excerpt":{"rendered":"<p><b>Balenie : 90 kaps\u00fal\u00a0<\/b><\/p>\n","protected":false},"featured_media":2252,"comment_status":"open","ping_status":"closed","template":"","meta":[],"_links":{"self":[{"href":"http:\/\/cajovnajasminka.sk\/index.php?rest_route=\/wp\/v2\/product\/2250"}],"collection":[{"href":"http:\/\/cajovnajasminka.sk\/index.php?rest_route=\/wp\/v2\/product"}],"about":[{"href":"http:\/\/cajovnajasminka.sk\/index.php?rest_route=\/wp\/v2\/types\/product"}],"replies":[{"embeddable":true,"href":"http:\/\/cajovnajasminka.sk\/index.php?rest_route=%2Fwp%2Fv2%2Fcomments&post=2250"}],"wp:featuredmedia":[{"embeddable":true,"href":"http:\/\/cajovnajasminka.sk\/index.php?rest_route=\/wp\/v2\/media\/2252"}],"wp:attachment":[{"href":"http:\/\/cajovnajasminka.sk\/index.php?rest_route=%2Fwp%2Fv2%2Fmedia&parent=2250"}],"curies":[{"name":"wp","href":"https:\/\/api.w.org\/{rel}","templated":true}]}}