{"id":2003,"date":"2020-03-22T20:14:18","date_gmt":"2020-03-22T19:14:18","guid":{"rendered":"http:\/\/cajovnajasminka.sk\/?post_type=product&#038;p=2003"},"modified":"2023-02-15T10:52:18","modified_gmt":"2023-02-15T09:52:18","slug":"sladke-drievko-koren","status":"publish","type":"product","link":"http:\/\/cajovnajasminka.sk\/?product=sladke-drievko-koren","title":{"rendered":"Sladk\u00e9 drievko- kore\u0148"},"content":{"rendered":"<p><strong>Kvalitn\u00e1 su\u0161en\u00e1 jednodruhov\u00e1 bylina ur\u010den\u00e1 k\u00a0pou\u017eitiu jednotlivo alebo do bylinn\u00fdch zmes\u00ed<\/strong><\/p>\n<p>\u00da\u010dinne napom\u00e1ha pri\u00a0probl\u00e9noch s priedu\u0161kami, p\u013e\u00facami,\u00a0vyka\u0161liavan\u00ed, tr\u00e1ven\u00ed,\u00a0 pom\u00e1ha na \u017eensk\u00e9 pohlavn\u00e9 horm\u00f3ny<\/p>\n<p>&nbsp;<\/p>\n","protected":false},"excerpt":{"rendered":"<p><strong>Gram\u00e1\u017e : 30 g\u00a0<\/strong><\/p>\n","protected":false},"featured_media":2006,"comment_status":"open","ping_status":"closed","template":"","meta":[],"_links":{"self":[{"href":"http:\/\/cajovnajasminka.sk\/index.php?rest_route=\/wp\/v2\/product\/2003"}],"collection":[{"href":"http:\/\/cajovnajasminka.sk\/index.php?rest_route=\/wp\/v2\/product"}],"about":[{"href":"http:\/\/cajovnajasminka.sk\/index.php?rest_route=\/wp\/v2\/types\/product"}],"replies":[{"embeddable":true,"href":"http:\/\/cajovnajasminka.sk\/index.php?rest_route=%2Fwp%2Fv2%2Fcomments&post=2003"}],"wp:featuredmedia":[{"embeddable":true,"href":"http:\/\/cajovnajasminka.sk\/index.php?rest_route=\/wp\/v2\/media\/2006"}],"wp:attachment":[{"href":"http:\/\/cajovnajasminka.sk\/index.php?rest_route=%2Fwp%2Fv2%2Fmedia&parent=2003"}],"curies":[{"name":"wp","href":"https:\/\/api.w.org\/{rel}","templated":true}]}}