{"id":192,"date":"2017-04-30T14:27:09","date_gmt":"2017-04-30T12:27:09","guid":{"rendered":"http:\/\/cajovnajasminka.sk\/?product=priedusky-bylinny-caj-sypany"},"modified":"2023-02-15T11:11:01","modified_gmt":"2023-02-15T10:11:01","slug":"priedusky-bylinny-caj-sypany","status":"publish","type":"product","link":"http:\/\/cajovnajasminka.sk\/?product=priedusky-bylinny-caj-sypany","title":{"rendered":"Priedu\u0161ky-Bylinn\u00fd \u010daj sypan\u00fd"},"content":{"rendered":"<p>\u010cesk\u00fd kvalitn\u00fd sypan\u00fd bylinn\u00fd \u010daj zostavovan\u00fd pod\u013ea origin\u00e1lnej recept\u00fary, chr\u00e1nen\u00fd ochrannou zn\u00e1mkou, ur\u010den\u00fd na konkr\u00e9tny probl\u00e9m.<\/p>\n<p><strong>Zlo\u017eenie :\u00a0<\/strong><\/p>\n<p><strong>Materina d\u00fa\u0161ka v\u0148a\u0165<\/strong> &#8211; podporuje <strong>d\u00fdchanie<br \/>\n<\/strong><strong>Ibi\u0161\u00a0kore\u0148<\/strong>\u00a0&#8211; podporuje <strong>funkciu d\u00fdchacieho traktu<br \/>\n<\/strong><strong>Skorocel\u00a0list<\/strong> &#8211; podporuje <strong>imunitu<\/strong>, mikrobi\u00e1lnu rovnov\u00e1hu, d\u00fdchanie<br \/>\n<strong>Oman kore\u0148<\/strong>\u00a0&#8211; podporuje<strong> horn\u00e9 d\u00fdchacie cesty<\/strong>, o\u010distu tela<br \/>\n<strong>Podbe\u013e list<\/strong> &#8211; podporuje horn\u00e9 d\u00fdchacie cesty a imunitu<br \/>\n<strong>Prvosienka kvet<\/strong> &#8211; podporuje <strong>d\u00fdchanie a relax\u00e1ciu<br \/>\n<\/strong><strong>\u0160alvia v\u0148a\u0165<\/strong> &#8211; podporuje imunitu, p\u00f4sob\u00ed pri nadmernom poten\u00ed<\/p>\n","protected":false},"excerpt":{"rendered":"<p>\u010cesk\u00fd kvalitn\u00fd sypan\u00fd bylinn\u00fd \u010daj zostavovan\u00fd pod\u013ea origin\u00e1lnej recept\u00fary, chr\u00e1nen\u00fd ochrannou zn\u00e1mkou, ur\u010den\u00fd na konkr\u00e9tny probl\u00e9m. Zlo\u017eenie :\u00a0 Materina d\u00fa\u0161ka v\u0148a\u0165 &#8211; podporuje d\u00fdchanie Ibi\u0161\u00a0kore\u0148\u00a0&#8211; podporuje funkciu d\u00fdchacieho traktu Skorocel\u00a0list &#8211; podporuje imunitu, mikrobi\u00e1lnu rovnov\u00e1hu, d\u00fdchanie Oman kore\u0148\u00a0&#8211; podporuje horn\u00e9 d\u00fdchacie cesty, o\u010distu tela Podbe\u013e list &#8211; podporuje horn\u00e9 d\u00fdchacie cesty a imunitu Prvosienka kvet<\/p>\n","protected":false},"featured_media":1912,"comment_status":"open","ping_status":"closed","template":"","meta":[],"_links":{"self":[{"href":"http:\/\/cajovnajasminka.sk\/index.php?rest_route=\/wp\/v2\/product\/192"}],"collection":[{"href":"http:\/\/cajovnajasminka.sk\/index.php?rest_route=\/wp\/v2\/product"}],"about":[{"href":"http:\/\/cajovnajasminka.sk\/index.php?rest_route=\/wp\/v2\/types\/product"}],"replies":[{"embeddable":true,"href":"http:\/\/cajovnajasminka.sk\/index.php?rest_route=%2Fwp%2Fv2%2Fcomments&post=192"}],"wp:featuredmedia":[{"embeddable":true,"href":"http:\/\/cajovnajasminka.sk\/index.php?rest_route=\/wp\/v2\/media\/1912"}],"wp:attachment":[{"href":"http:\/\/cajovnajasminka.sk\/index.php?rest_route=%2Fwp%2Fv2%2Fmedia&parent=192"}],"curies":[{"name":"wp","href":"https:\/\/api.w.org\/{rel}","templated":true}]}}