{"id":1868,"date":"2020-03-20T14:57:44","date_gmt":"2020-03-20T13:57:44","guid":{"rendered":"http:\/\/cajovnajasminka.sk\/?post_type=product&#038;p=1868"},"modified":"2023-03-16T07:46:32","modified_gmt":"2023-03-16T06:46:32","slug":"achat-zeleny-klucenka","status":"publish","type":"product","link":"http:\/\/cajovnajasminka.sk\/?product=achat-zeleny-klucenka","title":{"rendered":"Ach\u00e1t zelen\u00fd &#8211; k\u013e\u00fa\u010denka"},"content":{"rendered":"<p><strong>Kame\u0148 harm\u00f3nie a partnerskej vernosti<\/strong><\/p>\n<ul>\n<li>Dod\u00e1va silu, energiu a odvahu, rozh\u00e1\u0148a strach a zvy\u0161uje sebavedomie<\/li>\n<li>Prin\u00e1\u0161a \u0161\u0165astie tomu, kto ho nos\u00ed<\/li>\n<li>Zlep\u0161uje pam\u00e4\u0165 a koncentr\u00e1ciu, zvy\u0161uje osobn\u00fa energiu a podporuje otvorenos\u0165 a \u010destnos\u0165<\/li>\n<li>S ach\u00e1tom zost\u00e1vame pokojn\u00ed a\u00a0s\u00fastreden\u00ed na vec<\/li>\n<li>Ochra\u0148uje n\u00e1s pred nebezpe\u010denstvom<\/li>\n<li>Stabilizuje a \u010dist\u00ed auru t\u00fdm, \u017ee z nej odstra\u0148uje negat\u00edvne prvky a men\u00ed negat\u00edvnu energiu na pozit\u00edvnu<\/li>\n<li>Vo vz\u0165ahoch je ach\u00e1t kame\u0148 man\u017eelskej a partnerskej vernosti<\/li>\n<li>Indi\u00e1ni ho nosili pod jazykom, aby zahnali sm\u00e4d<\/li>\n<li>V m\u00e1gii sa pou\u017e\u00edva ako symbol \u010distoty a o\u010disty a v k\u00fazlach l\u00e1sky<\/li>\n<li>pou\u017e\u00edva sa ako symbol 12. a 14. v\u00fdro\u010dia svadby<\/li>\n<\/ul>\n<p><strong><u>Lie\u010debn\u00e9 vlastnosti:<\/u><\/strong><\/p>\n<ul>\n<li>Ach\u00e1t je kame\u0148 harm\u00f3nie a t\u00fdm, \u017ee vn\u00e1\u0161a harm\u00f3niu do syst\u00e9mu, v\u00fdborne pom\u00e1ha pri lie\u010den\u00ed<\/li>\n<li>Lie\u010di nespavos\u0165 a prin\u00e1\u0161a pr\u00edjemn\u00e9 sny<\/li>\n<li>Niektor\u00e9 zdroje ho odpor\u00fa\u010daj\u00fa ako kame\u0148 pre \u013eud\u00ed chor\u00fdch na rakovinu<\/li>\n<li>Posil\u0148uje zrak<\/li>\n<li>Pom\u00e1ha pri probl\u00e9moch s poko\u017ekou a s tr\u00e1ven\u00edm (\u017eal\u00fadok, hrub\u00e9 \u010drevo, slezina a obli\u010dky)<\/li>\n<\/ul>\n<p><strong><u>Astrologick\u00e9 priradenie<\/u><\/strong>: Bl\u00ed\u017eenci<\/p>\n<p><strong><u>\u010cistenie:<\/u><\/strong> Vyb\u00edjame pod pr\u00fadom vla\u017enej vody alebo v miske s vodou. V\u00e4\u010d\u0161inu ach\u00e1tov nab\u00edjame na priamom slnku.<\/p>\n<p><strong>Upozornenie:<\/strong>\u00a0Sfarbenie a \u0161trukt\u00fara kame\u0148ov sa\u00a0m\u00f4\u017ee v skuto\u010dnosti od uveden\u00fdch fotografi\u00ed\u00a0produktu mierne odli\u0161ova\u0165<\/p>\n","protected":false},"excerpt":{"rendered":"<p><strong>Tromlovan\u00fd a le\u0161ten\u00fd kame\u0148 ve\u013e. 2-3 cm je uchyten\u00fd v k\u013e\u00fa\u010denkovej mechanike d\u013a\u017eky 6cm, striebren\u00fd tombak<\/strong><\/p>\n","protected":false},"featured_media":1869,"comment_status":"closed","ping_status":"closed","template":"","meta":[],"_links":{"self":[{"href":"http:\/\/cajovnajasminka.sk\/index.php?rest_route=\/wp\/v2\/product\/1868"}],"collection":[{"href":"http:\/\/cajovnajasminka.sk\/index.php?rest_route=\/wp\/v2\/product"}],"about":[{"href":"http:\/\/cajovnajasminka.sk\/index.php?rest_route=\/wp\/v2\/types\/product"}],"replies":[{"embeddable":true,"href":"http:\/\/cajovnajasminka.sk\/index.php?rest_route=%2Fwp%2Fv2%2Fcomments&post=1868"}],"wp:featuredmedia":[{"embeddable":true,"href":"http:\/\/cajovnajasminka.sk\/index.php?rest_route=\/wp\/v2\/media\/1869"}],"wp:attachment":[{"href":"http:\/\/cajovnajasminka.sk\/index.php?rest_route=%2Fwp%2Fv2%2Fmedia&parent=1868"}],"curies":[{"name":"wp","href":"https:\/\/api.w.org\/{rel}","templated":true}]}}