{"id":1607,"date":"2018-07-18T14:26:23","date_gmt":"2018-07-18T12:26:23","guid":{"rendered":"http:\/\/cajovnajasminka.sk\/?post_type=product&#038;p=1607"},"modified":"2018-07-18T14:59:27","modified_gmt":"2018-07-18T12:59:27","slug":"anjelska-karta-s-afirmaciou-modra","status":"publish","type":"product","link":"http:\/\/cajovnajasminka.sk\/?product=anjelska-karta-s-afirmaciou-modra","title":{"rendered":"Anjelska karta s afirm\u00e1ciou lie\u010denia"},"content":{"rendered":"<p>Anjelsk\u00e9 zalaminovan\u00e9 obr\u00e1zky s afirm\u00e1ciou<br \/>\n<strong>Rozmer :<\/strong> 15 x 21<br \/>\n<strong>Autorka :<\/strong> Radana T\u0155e\u0161\u0148\u00e1kov\u00e1 Kolcov\u00e1<\/p>\n<p><strong>Anjel l\u00e1skypln\u00e9ho lie\u010denia samoty, sm\u00fatku, \u013e\u00fatosti. Spojenie s archanjelom Michaelom\u00a0<\/strong><\/p>\n<p><strong>K\u013e\u00fa\u010dov\u00e9 slov\u00e1<\/strong> :lie\u010denie sm\u00fatku, vn\u00fatorn\u00e9ho nenaplnenia, pocitov pr\u00e1zdnoty, spojenie sa so zmyslom svojho bytia, n\u00e1jdenie vlastn\u00e9ho miesta na svete, op\u00e4tovn\u00e9 n\u00e1jdenie rovnov\u00e1hy&#8230;<\/p>\n","protected":false},"excerpt":{"rendered":"<p><strong>Anjelsk\u00e9 zalaminovan\u00e9 obr\u00e1zky s afirm\u00e1ciou\u00a0<\/strong><\/p>\n","protected":false},"featured_media":1611,"comment_status":"closed","ping_status":"closed","template":"","meta":[],"_links":{"self":[{"href":"http:\/\/cajovnajasminka.sk\/index.php?rest_route=\/wp\/v2\/product\/1607"}],"collection":[{"href":"http:\/\/cajovnajasminka.sk\/index.php?rest_route=\/wp\/v2\/product"}],"about":[{"href":"http:\/\/cajovnajasminka.sk\/index.php?rest_route=\/wp\/v2\/types\/product"}],"replies":[{"embeddable":true,"href":"http:\/\/cajovnajasminka.sk\/index.php?rest_route=%2Fwp%2Fv2%2Fcomments&post=1607"}],"wp:featuredmedia":[{"embeddable":true,"href":"http:\/\/cajovnajasminka.sk\/index.php?rest_route=\/wp\/v2\/media\/1611"}],"wp:attachment":[{"href":"http:\/\/cajovnajasminka.sk\/index.php?rest_route=%2Fwp%2Fv2%2Fmedia&parent=1607"}],"curies":[{"name":"wp","href":"https:\/\/api.w.org\/{rel}","templated":true}]}}