{"id":1548,"date":"2018-04-20T15:10:54","date_gmt":"2018-04-20T13:10:54","guid":{"rendered":"http:\/\/cajovnajasminka.sk\/?post_type=product&#038;p=1548"},"modified":"2018-04-20T15:16:33","modified_gmt":"2018-04-20T13:16:33","slug":"lapis-lazuli-placky","status":"publish","type":"product","link":"http:\/\/cajovnajasminka.sk\/?product=lapis-lazuli-placky","title":{"rendered":"Lapis Lazuli &#8211; placky"},"content":{"rendered":"<p><strong>Kame\u0148 priate\u013estva<\/strong><\/p>\n<ul>\n<li>N\u00e1dhern\u00e1 kr\u00e1\u013eovsk\u00e1 modr\u00e1 kame\u0148a Lapis lazuli symbolizuje vn\u00fatorn\u00fa h\u013abku a najvy\u0161\u0161ie svetlo vn\u00fatornej harm\u00f3nie<\/li>\n<li>Preb\u00fadza v n\u00e1s l\u00e1sku, citlivos\u0165, vn\u00edmavos\u0165, pocity kr\u00e1sy<\/li>\n<li>Prehlbuje n\u00e1\u0161 vn\u00fatorn\u00fd zrak<\/li>\n<li>Dod\u00e1va pocit istoty a bezpe\u010dia<\/li>\n<li>Jeho hlavn\u00e1 oblas\u0165 p\u00f4sobenia je v duchovnej \u00farovni<\/li>\n<li>Je to kame\u0148 priate\u013estva. Podporuje harm\u00f3niu v medzi\u013eudsk\u00fdch vz\u0165ahoch. A m\u00e1 vraj schopnos\u0165 odh\u00e1\u0148a\u0165 ne\u0161\u0165astie<\/li>\n<li>Pozit\u00edvne vpl\u00fdva proti depresii, pom\u00e1ha zlep\u0161i\u0165 n\u00e1ladu<\/li>\n<\/ul>\n<p>&nbsp;<\/p>\n<p><strong><u>Lie\u010debn\u00e9 \u00fa\u010dinky:<\/u><\/strong><\/p>\n<ul>\n<li>Lie\u010di nespavos\u0165, ochorenia \u017el\u010dn\u00edka, zni\u017euje hor\u00fa\u010dky, bolesti hlavy<\/li>\n<li>Neutralizuje jedovat\u00e9 l\u00e1tky v tele<\/li>\n<li>Preto\u017ee posil\u0148uje tkaniv\u00e1, odpor\u00fa\u010da sa pri rakovine<\/li>\n<li>Pom\u00e1ha pri lie\u010den\u00ed o\u010dn\u00fdch chor\u00f4b, pozit\u00edvne vpl\u00fdva na bolesti a k\u0155\u010de, je v\u00fdborn\u00fd proti migr\u00e9ne<\/li>\n<\/ul>\n<p>&nbsp;<\/p>\n<p><strong><u>Astrologick\u00e9 priradenie:<\/u><\/strong> Panna a Strelec<\/p>\n<p><strong><u>\u010cistenie <\/u><\/strong>Vyb\u00edja sa na hematite a nab\u00edja sa na horskom kri\u0161t\u00e1li. Nevystavova\u0165 ho dlhodob\u00e9mu p\u00f4sobeniu slnka (=nenab\u00edja\u0165 na slnku)! Nem\u00e1 ve\u013emi r\u00e1d vystavovanie vysok\u00fdm teplot\u00e1m \u2013 m\u00f4\u017ee sa za\u010da\u0165 drobi\u0165. Pri kontakte s chemik\u00e1liami m\u00f4\u017ee strati\u0165 farbu. Takisto ho treba chr\u00e1ni\u0165 pred so\u013eami, octom, kozmetick\u00fdmi kr\u00e9mami, olejmi, dezodorantmi, vodou po holen\u00ed, lakom na vlasy, ultrazvukom a amoniakom. Ak sa v\u00e1m silno potia ruky, nemali by ste ho nosi\u0165<\/p>\n<p><strong>Upozornenie:<\/strong>\u00a0Sfarbenie a \u0161trukt\u00fara kame\u0148ov sa\u00a0m\u00f4\u017ee v skuto\u010dnosti od uveden\u00fdch fotografi\u00ed\u00a0produktu mierne odli\u0161ova\u0165<\/p>\n","protected":false},"excerpt":{"rendered":"<p><strong>Le\u0161ten\u00e9 kamene v tvare nepravideln\u00fdch placiek, navle\u010den\u00e9 na gumi\u010dke. D\u013e\u017eka n\u00e1ramku je 16-18 cm<\/strong><\/p>\n","protected":false},"featured_media":1550,"comment_status":"closed","ping_status":"closed","template":"","meta":[],"_links":{"self":[{"href":"http:\/\/cajovnajasminka.sk\/index.php?rest_route=\/wp\/v2\/product\/1548"}],"collection":[{"href":"http:\/\/cajovnajasminka.sk\/index.php?rest_route=\/wp\/v2\/product"}],"about":[{"href":"http:\/\/cajovnajasminka.sk\/index.php?rest_route=\/wp\/v2\/types\/product"}],"replies":[{"embeddable":true,"href":"http:\/\/cajovnajasminka.sk\/index.php?rest_route=%2Fwp%2Fv2%2Fcomments&post=1548"}],"wp:featuredmedia":[{"embeddable":true,"href":"http:\/\/cajovnajasminka.sk\/index.php?rest_route=\/wp\/v2\/media\/1550"}],"wp:attachment":[{"href":"http:\/\/cajovnajasminka.sk\/index.php?rest_route=%2Fwp%2Fv2%2Fmedia&parent=1548"}],"curies":[{"name":"wp","href":"https:\/\/api.w.org\/{rel}","templated":true}]}}